{"id":1758,"date":"2025-03-18T16:58:12","date_gmt":"2025-03-18T19:58:12","guid":{"rendered":"https:\/\/40.fayd.unam.edu.ar\/?page_id=1758"},"modified":"2025-03-20T09:42:37","modified_gmt":"2025-03-20T12:42:37","slug":"esp-en-produccion-y-gestion-en-artes-visuales","status":"publish","type":"page","link":"https:\/\/40.fayd.unam.edu.ar\/index.php\/esp-en-produccion-y-gestion-en-artes-visuales\/","title":{"rendered":"Esp. en Producci\u00f3n y Gesti\u00f3n en Artes Visuales"},"content":{"rendered":"\n<p class=\"has-vivid-red-color has-text-color has-link-color wp-elements-62e1269c72da76bca08167c06d4ba847\" style=\"font-size:26px;text-decoration:underline\"><strong>Especializaci\u00f3n en Producci\u00f3n y Gesti\u00f3n en Artes Visuales<\/strong><\/p>\n\n\n\n<blockquote class=\"wp-block-quote is-layout-flow wp-block-quote-is-layout-flow\">\n<p class=\"has-black-color has-text-color has-link-color wp-elements-dcf0406f980e9fc9f9855371dbf75e7d\"><strong>Pre-inscripciones abiertas.<\/strong>\u00a0Acceder al formulario de preinscripci\u00f3n en el siguiente\u00a0<a href=\"https:\/\/www.fayd.unam.edu.ar\/la-facu\/secretarias\/posgrado\/formulario-inscripcion-produccion-y-gestion\"><mark style=\"background-color:rgba(0, 0, 0, 0)\" class=\"has-inline-color has-vivid-red-color\"><strong>Link<\/strong><\/mark><\/a><\/p>\n<\/blockquote>\n\n\n\n<blockquote class=\"wp-block-quote is-layout-flow wp-block-quote-is-layout-flow\">\n<p class=\"has-black-color has-text-color has-link-color wp-elements-a26ce1d1119a813990a68fd5aa59132d\"><strong>Cronograma y aranceles Cohorte 2022<\/strong>\u00a0<a href=\"https:\/\/www.fayd.unam.edu.ar\/sites\/default\/files\/carreras\/adjuntos\/Texto%20para%20difusi%C3%B3n%20de%20la%20carrera%20-%20FAyD.pdf\" target=\"_blank\" rel=\"noreferrer noopener\"><strong><mark style=\"background-color:rgba(0, 0, 0, 0)\" class=\"has-inline-color has-vivid-red-color\">Descargar<\/mark><\/strong><\/a><\/p>\n<\/blockquote>\n\n\n\n<p class=\"has-black-color has-text-color has-link-color wp-elements-c1b06a20002c71c0c9ee97ee5bacf2be\">La carrera de posgrado&nbsp;<strong>Especializaci\u00f3n en Producci\u00f3n y Gesti\u00f3n en Artes Visuales&nbsp;<\/strong>ha sido aprobada y creada por Resoluci\u00f3n Consejo Superior N\u00ba 010\/19, N\u00b0 056\/18 de la Universidad Nacional de Misiones; cuenta con dictamen de recomendaci\u00f3n favorable CONEAU Sesi\u00f3n N\u00b0 503 del 13 de mayo de 2019; Resoluci\u00f3n 2020-272 APN-ME y Declaraci\u00f3n de Inter\u00e9s por MCECyT Misiones Res. N\u00b0050\/21.&nbsp;<\/p>\n\n\n\n<p class=\"has-black-color has-text-color has-link-color wp-elements-9db7cba9ee0b18eccf1a3bcc349ec97f\">La carrera ofrecer una capacitaci\u00f3n y actualizaci\u00f3n en torno a la producci\u00f3n y gesti\u00f3n en las artes visuales, una formaci\u00f3n profesional desde el trabajo procesual que promueva la reflexi\u00f3n de la propia pr\u00e1ctica en el campo, y la profundizaci\u00f3n en enfoques conceptuales y metodol\u00f3gicos del sistema del arte actual.<\/p>\n\n\n\n<p class=\"has-black-color has-text-color has-link-color wp-elements-acca8db45c429a41742ce2baad14a07f\">Por lo tanto se espera que la Especializaci\u00f3n en Producci\u00f3n y Gesti\u00f3n en Artes Visuales promueva la visibilizaci\u00f3n de los diversos modos y contribuciones de este campo para la activaci\u00f3n de la cultura en nuestra regi\u00f3n.<\/p>\n\n\n\n<p class=\"has-black-color has-text-color has-link-color wp-elements-4c8417d5ec3b8392327ab6c962eccccb\"><strong>OBJETIVOS DE LA CARRERA<\/strong><\/p>\n\n\n\n<ul class=\"wp-block-list\">\n<li class=\"has-black-color has-text-color has-link-color wp-elements-6e2efc03b18f5acadd251e9e5aed7870\">Ofrecer a los graduados de las disciplinas art\u00edsticas un \u00e1mbito de formaci\u00f3n que permita generar nuevos conocimientos en el campo de la producci\u00f3n y gesti\u00f3n en artes visuales.\u00a0<\/li>\n\n\n\n<li class=\"has-black-color has-text-color has-link-color wp-elements-b9880595455100245938f58d730059f7\">Actualizar la formaci\u00f3n profesional desde un trabajo procesual que promueva la reflexi\u00f3n de la propia pr\u00e1ctica en el campo.<\/li>\n\n\n\n<li class=\"has-black-color has-text-color has-link-color wp-elements-f1eaaa763b565bf50040ef8229a867e4\">Propiciar la reflexi\u00f3n en torno a enfoques conceptuales y metodol\u00f3gicos del sistema del arte actual.\u00a0<\/li>\n<\/ul>\n\n\n\n<p class=\"has-black-color has-text-color has-link-color wp-elements-4968762ae43b7059b61e989e7e2db2e7\">La carrera se estructura curricularmente de la siguiente manera:<\/p>\n\n\n\n<ul class=\"wp-block-list has-black-color has-text-color has-link-color wp-elements-9ef8d97dd0130471b01922603b8e1d6d\">\n<li><strong>L\u00ednea de Producci\u00f3n en Artes Visuales<\/strong>, que involucra a las asignaturas: Producci\u00f3n en Artes Visuales I, II y III; Seminario Optativo III Artes Visuales y Escuela; Seminario Optativo IV Introducci\u00f3n a la Fotograf\u00eda.<\/li>\n\n\n\n<li><strong>L\u00ednea de Gesti\u00f3n en Artes Visuales<\/strong>, que involucra a las asignaturas: Gesti\u00f3n en Artes Visuales; Seminario Optativo I Introducci\u00f3n a la Museolog\u00eda y a la Gesti\u00f3n del Patrimonio Cultural; Seminario Optativo II Territorios, Contextos y Gesti\u00f3n Cultural.<\/li>\n\n\n\n<li><strong>L\u00ednea te\u00f3rica y metodol\u00f3gica<\/strong>\u00a0que involucra a las asignaturas: Abordajes te\u00f3ricos contempor\u00e1neos de las Artes Visuales; Investigaci\u00f3n en artes visuales. Introducci\u00f3n a la formulaci\u00f3n de proyectos; Escritura en las artes visuales. Aspectos comunicaciones y formulaci\u00f3n de proyectos; y Taller de Trabajo Final<\/li>\n<\/ul>\n\n\n\n<p class=\"has-black-color has-text-color has-link-color wp-elements-651512188c28549bbb0dfd9db98c2544\"><strong>Campos de intervenci\u00f3n, experticia y especializaci\u00f3n:&nbsp;<\/strong><\/p>\n\n\n\n<p class=\"has-black-color has-text-color has-link-color wp-elements-a64646903016b86b61c993447257f94a\">El Especialista en Producci\u00f3n y Gesti\u00f3n en Artes Visuales ser\u00e1 un profesional capacitado con conocimientos acad\u00e9micos-cient\u00edficos sobre la producci\u00f3n y gesti\u00f3n en artes visuales que puede:<\/p>\n\n\n\n<p class=\"has-black-color has-text-color has-link-color wp-elements-0a7ebef63ec5479f4e08b02ec06774ae\">Desarrollar estrategias de asesoramiento a instituciones y organismos que lo requieran referentes a su \u00e1rea de formaci\u00f3n.<\/p>\n\n\n\n<p class=\"has-black-color has-text-color has-link-color wp-elements-d3a3d5b9cf430b26acc76e897d2eb873\">Generar, planificar, constituir, integrar y activar el campo de las artes visuales en la regi\u00f3n mediante el desarrollo de producciones art\u00edsticas y la gesti\u00f3n de base cultural.<\/p>\n\n\n\n<p class=\"has-black-color has-text-color has-link-color wp-elements-d89ac136e8ac4a1fbe472cb2cde05aac\">Asesorar en tareas referentes a: diagn\u00f3sticos, planificaci\u00f3n, producci\u00f3n, ediciones, educaci\u00f3n no formal, constituci\u00f3n de redes y otros espacios conexos vinculados a las artes visuales.<\/p>\n\n\n\n<p class=\"has-black-color has-text-color has-link-color wp-elements-cca1a39c8e9d8768b27e4c639ca50c50\">Duraci\u00f3n:&nbsp;<strong>4 semestres<\/strong><\/p>\n\n\n\n<p class=\"has-black-color has-text-color has-link-color wp-elements-1b3b494af2343d283fc4c9c93dd7b39d\">Modalidad de cursada:&nbsp;<strong>presencial&nbsp;<\/strong><\/p>\n\n\n\n<p class=\"has-black-color has-text-color has-link-color wp-elements-771d61a25e86bed6eead05cdb4f95ebd\">Carga horaria:&nbsp;<strong>370 hs<\/strong><\/p>\n\n\n\n<p class=\"has-black-color has-text-color has-link-color wp-elements-4a6569dbbfbe8e8ff41aaef8e6c432a9\"><strong>Destinatarios:<\/strong>&nbsp;Graduados, cuyo t\u00edtulo de grado sea universitario de los campos profesionales de Arte Pl\u00e1sticas, adem\u00e1s de graduados en otra formaci\u00f3n en el \u00e1rea de la Educaci\u00f3n Art\u00edstica: Artes Visuales, y que a juicio del Comit\u00e9 Acad\u00e9mico de la Especializaci\u00f3n acrediten antecedentes suficientes.<\/p>\n\n\n\n<p class=\"has-black-color has-text-color has-link-color wp-elements-c1a5a0487dcf48e8955cf9915d5682fe\"><strong>Graduados en Universidades extranjeras<\/strong>&nbsp;reconocidas por las autoridades competentes de su pa\u00eds, con t\u00edtulo profesional correspondiente a carreras de cuatro (4) a\u00f1os de duraci\u00f3n como m\u00ednimo, y bajo la normativa y gu\u00eda de visado en el&nbsp;<a href=\"https:\/\/internacionales.unam.edu.ar\/index.php\/es\/noticias\/58-guia-visado-para-estudiantes-internacionales\">link.<\/a><\/p>\n\n\n\n<p class=\"has-black-color has-text-color has-link-color wp-elements-a293cff71d8b73c3ee61544cbf3c4d91\"><strong>M\u00e1s informaci\u00f3n en el siguiente&nbsp;<a href=\"https:\/\/www.fayd.unam.edu.ar\/sites\/default\/files\/carreras\/adjuntos\/Texto%20para%20difusi%C3%B3n%20de%20la%20carrera%20-%20FAyD.pdf\" target=\"_blank\" rel=\"noreferrer noopener\">link<\/a><\/strong><\/p>\n\n\n\n<p class=\"has-black-color has-text-color has-link-color wp-elements-2272b3689f82d39722578e49a04c9fce\"><strong>Lugar de dictado:<\/strong><\/p>\n\n\n\n<p class=\"has-black-color has-text-color has-link-color wp-elements-a948119429a632b6b1d37c8dab516ce4\">Facultad de Arte y Dise\u00f1o. UNaM.<\/p>\n\n\n\n<p class=\"has-black-color has-text-color has-link-color wp-elements-4268ed3eea75c37aacbf9f22db43c531\">Ober\u00e1- Misiones. Carhue N\u00ba 832<\/p>\n\n\n\n<p class=\"has-black-color has-text-color has-link-color wp-elements-f7eb61b783aaa5d43dac7a59666556df\"><strong>Consultas:<\/strong><\/p>\n\n\n\n<p class=\"has-black-color has-text-color has-link-color wp-elements-6ca7d1bd22fff7d4b1e2f5c43653d493\">T.E. +54 3755- 401150\/406601 int. 114<\/p>\n\n\n\n<p class=\"has-black-color has-text-color has-link-color wp-elements-b28075b3b7a86260149c921178a5218b\">@:\u00a0<a href=\"mailto:posgrado@fayd.unam.edu.ar\"><mark style=\"background-color:rgba(0, 0, 0, 0)\" class=\"has-inline-color has-vivid-red-color\">posgrado@fayd.unam.edu.ar<\/mark><\/a><\/p>\n\n\n\n<p class=\"has-black-color has-text-color has-link-color wp-elements-514a5f64394c68afacdd32d7ad7c37c6\">Web:\u00a0\u00a0<a href=\"http:\/\/www.fayd.unam.edu.ar\/\"><mark style=\"background-color:rgba(0, 0, 0, 0)\" class=\"has-inline-color has-vivid-red-color\">www.fayd.unam.edu.ar<\/mark><\/a><\/p>\n\n\n\n<p class=\"has-black-color has-text-color has-link-color wp-elements-2158c9c2877e261a3c2301689e804506\"><mark style=\"background-color:rgba(0, 0, 0, 0)\" class=\"has-inline-color has-vivid-red-color\">fayd.unam.edu.ar\/la-facu\/secretarias\/posgrado<\/mark><\/p>\n\n\n\n<p class=\"has-black-color has-text-color has-link-color wp-elements-9ac00cf961d1ea846fe5a532228b76c6\"><\/p>\n","protected":false},"excerpt":{"rendered":"<p>Especializaci\u00f3n en Producci\u00f3n y Gesti\u00f3n en Artes Visuales Pre-inscripciones abiertas.\u00a0Acceder al formulario de preinscripci\u00f3n en el siguiente\u00a0Link Cronograma y aranceles Cohorte 2022\u00a0Descargar La carrera de posgrado&nbsp;Especializaci\u00f3n en Producci\u00f3n y Gesti\u00f3n &#8230;<\/p>\n","protected":false},"author":2,"featured_media":0,"parent":0,"menu_order":0,"comment_status":"closed","ping_status":"closed","template":"","meta":{"footnotes":""},"class_list":["post-1758","page","type-page","status-publish","hentry"],"_links":{"self":[{"href":"https:\/\/40.fayd.unam.edu.ar\/index.php\/wp-json\/wp\/v2\/pages\/1758","targetHints":{"allow":["GET"]}}],"collection":[{"href":"https:\/\/40.fayd.unam.edu.ar\/index.php\/wp-json\/wp\/v2\/pages"}],"about":[{"href":"https:\/\/40.fayd.unam.edu.ar\/index.php\/wp-json\/wp\/v2\/types\/page"}],"author":[{"embeddable":true,"href":"https:\/\/40.fayd.unam.edu.ar\/index.php\/wp-json\/wp\/v2\/users\/2"}],"replies":[{"embeddable":true,"href":"https:\/\/40.fayd.unam.edu.ar\/index.php\/wp-json\/wp\/v2\/comments?post=1758"}],"version-history":[{"count":3,"href":"https:\/\/40.fayd.unam.edu.ar\/index.php\/wp-json\/wp\/v2\/pages\/1758\/revisions"}],"predecessor-version":[{"id":1817,"href":"https:\/\/40.fayd.unam.edu.ar\/index.php\/wp-json\/wp\/v2\/pages\/1758\/revisions\/1817"}],"wp:attachment":[{"href":"https:\/\/40.fayd.unam.edu.ar\/index.php\/wp-json\/wp\/v2\/media?parent=1758"}],"curies":[{"name":"wp","href":"https:\/\/api.w.org\/{rel}","templated":true}]}}

Esp. en Producción y Gestión en Artes Visuales

<p class="has-vivid-red-color has-text-color has-link-color wp-elements-62e1269c72da76bca08167c06d4ba847" style="font-size:26px;text-decoration:underline"><strong>Especialización en Producción y Gestión en Artes Visuales</strong></p>



<blockquote class="wp-block-quote is-layout-flow wp-block-quote-is-layout-flow">
<p class="has-black-color has-text-color has-link-color wp-elements-dcf0406f980e9fc9f9855371dbf75e7d"><strong>Pre-inscripciones abiertas.</strong> Acceder al formulario de preinscripción en el siguiente <a href="https://www.fayd.unam.edu.ar/la-facu/secretarias/posgrado/formulario-inscripcion-produccion-y-gestion"><mark style="background-color:rgba(0, 0, 0, 0)" class="has-inline-color has-vivid-red-color"><strong>Link</strong></mark></a></p>
</blockquote>



<blockquote class="wp-block-quote is-layout-flow wp-block-quote-is-layout-flow">
<p class="has-black-color has-text-color has-link-color wp-elements-a26ce1d1119a813990a68fd5aa59132d"><strong>Cronograma y aranceles Cohorte 2022</strong> <a href="https://www.fayd.unam.edu.ar/sites/default/files/carreras/adjuntos/Texto%20para%20difusi%C3%B3n%20de%20la%20carrera%20-%20FAyD.pdf" target="_blank" rel="noreferrer noopener"><strong><mark style="background-color:rgba(0, 0, 0, 0)" class="has-inline-color has-vivid-red-color">Descargar</mark></strong></a></p>
</blockquote>



<p class="has-black-color has-text-color has-link-color wp-elements-c1b06a20002c71c0c9ee97ee5bacf2be">La carrera de posgrado&nbsp;<strong>Especialización en Producción y Gestión en Artes Visuales&nbsp;</strong>ha sido aprobada y creada por Resolución Consejo Superior Nº 010/19, N° 056/18 de la Universidad Nacional de Misiones; cuenta con dictamen de recomendación favorable CONEAU Sesión N° 503 del 13 de mayo de 2019; Resolución 2020-272 APN-ME y Declaración de Interés por MCECyT Misiones Res. N°050/21.&nbsp;</p>



<p class="has-black-color has-text-color has-link-color wp-elements-9db7cba9ee0b18eccf1a3bcc349ec97f">La carrera ofrecer una capacitación y actualización en torno a la producción y gestión en las artes visuales, una formación profesional desde el trabajo procesual que promueva la reflexión de la propia práctica en el campo, y la profundización en enfoques conceptuales y metodológicos del sistema del arte actual.</p>



<p class="has-black-color has-text-color has-link-color wp-elements-acca8db45c429a41742ce2baad14a07f">Por lo tanto se espera que la Especialización en Producción y Gestión en Artes Visuales promueva la visibilización de los diversos modos y contribuciones de este campo para la activación de la cultura en nuestra región.</p>



<p class="has-black-color has-text-color has-link-color wp-elements-4c8417d5ec3b8392327ab6c962eccccb"><strong>OBJETIVOS DE LA CARRERA</strong></p>



<ul class="wp-block-list">
<li class="has-black-color has-text-color has-link-color wp-elements-6e2efc03b18f5acadd251e9e5aed7870">Ofrecer a los graduados de las disciplinas artísticas un ámbito de formación que permita generar nuevos conocimientos en el campo de la producción y gestión en artes visuales. </li>



<li class="has-black-color has-text-color has-link-color wp-elements-b9880595455100245938f58d730059f7">Actualizar la formación profesional desde un trabajo procesual que promueva la reflexión de la propia práctica en el campo.</li>



<li class="has-black-color has-text-color has-link-color wp-elements-f1eaaa763b565bf50040ef8229a867e4">Propiciar la reflexión en torno a enfoques conceptuales y metodológicos del sistema del arte actual. </li>
</ul>



<p class="has-black-color has-text-color has-link-color wp-elements-4968762ae43b7059b61e989e7e2db2e7">La carrera se estructura curricularmente de la siguiente manera:</p>



<ul class="wp-block-list has-black-color has-text-color has-link-color wp-elements-9ef8d97dd0130471b01922603b8e1d6d">
<li><strong>Línea de Producción en Artes Visuales</strong>, que involucra a las asignaturas: Producción en Artes Visuales I, II y III; Seminario Optativo III Artes Visuales y Escuela; Seminario Optativo IV Introducción a la Fotografía.</li>



<li><strong>Línea de Gestión en Artes Visuales</strong>, que involucra a las asignaturas: Gestión en Artes Visuales; Seminario Optativo I Introducción a la Museología y a la Gestión del Patrimonio Cultural; Seminario Optativo II Territorios, Contextos y Gestión Cultural.</li>



<li><strong>Línea teórica y metodológica</strong> que involucra a las asignaturas: Abordajes teóricos contemporáneos de las Artes Visuales; Investigación en artes visuales. Introducción a la formulación de proyectos; Escritura en las artes visuales. Aspectos comunicaciones y formulación de proyectos; y Taller de Trabajo Final</li>
</ul>



<p class="has-black-color has-text-color has-link-color wp-elements-651512188c28549bbb0dfd9db98c2544"><strong>Campos de intervención, experticia y especialización:&nbsp;</strong></p>



<p class="has-black-color has-text-color has-link-color wp-elements-a64646903016b86b61c993447257f94a">El Especialista en Producción y Gestión en Artes Visuales será un profesional capacitado con conocimientos académicos-científicos sobre la producción y gestión en artes visuales que puede:</p>



<p class="has-black-color has-text-color has-link-color wp-elements-0a7ebef63ec5479f4e08b02ec06774ae">Desarrollar estrategias de asesoramiento a instituciones y organismos que lo requieran referentes a su área de formación.</p>



<p class="has-black-color has-text-color has-link-color wp-elements-d3a3d5b9cf430b26acc76e897d2eb873">Generar, planificar, constituir, integrar y activar el campo de las artes visuales en la región mediante el desarrollo de producciones artísticas y la gestión de base cultural.</p>



<p class="has-black-color has-text-color has-link-color wp-elements-d89ac136e8ac4a1fbe472cb2cde05aac">Asesorar en tareas referentes a: diagnósticos, planificación, producción, ediciones, educación no formal, constitución de redes y otros espacios conexos vinculados a las artes visuales.</p>



<p class="has-black-color has-text-color has-link-color wp-elements-cca1a39c8e9d8768b27e4c639ca50c50">Duración:&nbsp;<strong>4 semestres</strong></p>



<p class="has-black-color has-text-color has-link-color wp-elements-1b3b494af2343d283fc4c9c93dd7b39d">Modalidad de cursada:&nbsp;<strong>presencial&nbsp;</strong></p>



<p class="has-black-color has-text-color has-link-color wp-elements-771d61a25e86bed6eead05cdb4f95ebd">Carga horaria:&nbsp;<strong>370 hs</strong></p>



<p class="has-black-color has-text-color has-link-color wp-elements-4a6569dbbfbe8e8ff41aaef8e6c432a9"><strong>Destinatarios:</strong>&nbsp;Graduados, cuyo título de grado sea universitario de los campos profesionales de Arte Plásticas, además de graduados en otra formación en el área de la Educación Artística: Artes Visuales, y que a juicio del Comité Académico de la Especialización acrediten antecedentes suficientes.</p>



<p class="has-black-color has-text-color has-link-color wp-elements-c1a5a0487dcf48e8955cf9915d5682fe"><strong>Graduados en Universidades extranjeras</strong>&nbsp;reconocidas por las autoridades competentes de su país, con título profesional correspondiente a carreras de cuatro (4) años de duración como mínimo, y bajo la normativa y guía de visado en el&nbsp;<a href="https://internacionales.unam.edu.ar/index.php/es/noticias/58-guia-visado-para-estudiantes-internacionales">link.</a></p>



<p class="has-black-color has-text-color has-link-color wp-elements-a293cff71d8b73c3ee61544cbf3c4d91"><strong>Más información en el siguiente&nbsp;<a href="https://www.fayd.unam.edu.ar/sites/default/files/carreras/adjuntos/Texto%20para%20difusi%C3%B3n%20de%20la%20carrera%20-%20FAyD.pdf" target="_blank" rel="noreferrer noopener">link</a></strong></p>



<p class="has-black-color has-text-color has-link-color wp-elements-2272b3689f82d39722578e49a04c9fce"><strong>Lugar de dictado:</strong></p>



<p class="has-black-color has-text-color has-link-color wp-elements-a948119429a632b6b1d37c8dab516ce4">Facultad de Arte y Diseño. UNaM.</p>



<p class="has-black-color has-text-color has-link-color wp-elements-4268ed3eea75c37aacbf9f22db43c531">Oberá- Misiones. Carhue Nº 832</p>



<p class="has-black-color has-text-color has-link-color wp-elements-f7eb61b783aaa5d43dac7a59666556df"><strong>Consultas:</strong></p>



<p class="has-black-color has-text-color has-link-color wp-elements-6ca7d1bd22fff7d4b1e2f5c43653d493">T.E. +54 3755- 401150/406601 int. 114</p>



<p class="has-black-color has-text-color has-link-color wp-elements-b28075b3b7a86260149c921178a5218b">@: <a href="mailto:posgrado@fayd.unam.edu.ar"><mark style="background-color:rgba(0, 0, 0, 0)" class="has-inline-color has-vivid-red-color">posgrado@fayd.unam.edu.ar</mark></a></p>



<p class="has-black-color has-text-color has-link-color wp-elements-514a5f64394c68afacdd32d7ad7c37c6">Web:  <a href="http://www.fayd.unam.edu.ar/"><mark style="background-color:rgba(0, 0, 0, 0)" class="has-inline-color has-vivid-red-color">www.fayd.unam.edu.ar</mark></a></p>



<p class="has-black-color has-text-color has-link-color wp-elements-2158c9c2877e261a3c2301689e804506"><mark style="background-color:rgba(0, 0, 0, 0)" class="has-inline-color has-vivid-red-color">fayd.unam.edu.ar/la-facu/secretarias/posgrado</mark></p>



<p class="has-black-color has-text-color has-link-color wp-elements-9ac00cf961d1ea846fe5a532228b76c6"></p>

<p>Especialización en Producción y Gestión en Artes Visuales Pre-inscripciones abiertas. Acceder al formulario de preinscripción en el siguiente Link Cronograma y aranceles Cohorte 2022 Descargar La carrera de posgrado&nbsp;Especialización en Producción y Gestión &#8230;</p>
