{"id":1664,"date":"2025-03-17T15:58:26","date_gmt":"2025-03-17T18:58:26","guid":{"rendered":"https:\/\/40.fayd.unam.edu.ar\/?page_id=1664"},"modified":"2025-03-17T16:14:17","modified_gmt":"2025-03-17T19:14:17","slug":"profesorado-en-artes-plasticas","status":"publish","type":"page","link":"https:\/\/40.fayd.unam.edu.ar\/index.php\/profesorado-en-artes-plasticas\/","title":{"rendered":"Profesorado en Artes Pl\u00e1sticas"},"content":{"rendered":"\n<p class=\"has-vivid-red-color has-text-color has-link-color has-large-font-size wp-elements-fcf6698908a2544deb54ea313f4d559c\" style=\"text-decoration:underline\"><strong>Profesorado en Artes Pl\u00e1sticas<\/strong><\/p>\n\n\n\n<p class=\"has-black-color has-text-color has-link-color has-medium-font-size wp-elements-15f72f4afb5073c1018cc3b982d622f7\">PERFIL DEL EGRESADO<\/p>\n\n\n\n<p class=\"has-black-color has-text-color has-link-color wp-elements-82f276f05cedbea446784314b0670077\">Profesionales docentes capacitados para planificar, conducir y evaluar procesos de ense\u00f1anza y aprendizaje, en el \u00e1rea de Educaci\u00f3n Pl\u00e1stica, en todos los niveles del sistema educativo.<\/p>\n\n\n\n<h3 class=\"wp-block-heading has-black-color has-text-color has-link-color has-medium-font-size wp-elements-f1339d09346fce47b75dd5c7ce90684d\">Perfil del T\u00edtulo<\/h3>\n\n\n\n<p class=\"has-black-color has-text-color has-link-color wp-elements-e3a05e979b1712e9a0858887d406df54\">Esta carrera formar\u00e1 profesionales, docentes capacitados para:<\/p>\n\n\n\n<ul class=\"wp-block-list\">\n<li class=\"has-black-color has-text-color has-link-color wp-elements-9ed9d5251da59f4a42e16a242c7eb01a\">Planificar, conducir y evaluar procesos de ense\u00f1anza-aprendizaje, en el \u00e1rea de la educaci\u00f3n pl\u00e1stica para todos los niveles del sistema educativo.<\/li>\n\n\n\n<li class=\"has-black-color has-text-color has-link-color wp-elements-41a1f83019408cef590db2c8a5262641\">Asesorar en lo concerniente al proceso de ense\u00f1anza y aprendizaje en lo relacionado con el \u00e1rea de conocimiento cient\u00edfico.<\/li>\n<\/ul>\n\n\n\n<h3 class=\"wp-block-heading has-black-color has-text-color has-link-color has-medium-font-size wp-elements-a88f3b0e9d1f48cfa9e8b0b83a4b5171\">Alcances del T\u00edtulo<\/h3>\n\n\n\n<p class=\"has-black-color has-text-color has-link-color wp-elements-f73e4f3875dde8e9e7260dd2bf2fb475\">Se pretende desarrollar en el futuro docente un profesional que cuente, entre otras, con capacidades, para:<\/p>\n\n\n\n<ul class=\"wp-block-list\">\n<li class=\"has-black-color has-text-color has-link-color wp-elements-03c9cfed98e80e662760fa5678edf4aa\">Habilidad cr\u00edtica y creatividad y supuestos que sustenten sus pr\u00e1cticas.<\/li>\n\n\n\n<li class=\"has-black-color has-text-color has-link-color wp-elements-77e7f6178495bb1296418c36c38b3154\">Reconocer distintas l\u00edneas te\u00f3ricas que explican el funcionamiento educativo.<\/li>\n\n\n\n<li class=\"has-black-color has-text-color has-link-color wp-elements-4e5aa782aa2a6a60d7cb3aeffb332a35\">Asumir su pertenencia institucional.<\/li>\n\n\n\n<li class=\"has-black-color has-text-color has-link-color wp-elements-7a32bfc6670f8bef39327f18fe039371\">Desarrollar habilidades para integrar equipos de trabajos -integrar teor\u00eda y pr\u00e1ctica.-<\/li>\n\n\n\n<li class=\"has-black-color has-text-color has-link-color wp-elements-b9ed17ccd2f8430c324eef6300ec493f\">Reconocer al sujeto de aprendizaje como portador de cultura.<\/li>\n\n\n\n<li class=\"has-black-color has-text-color has-link-color wp-elements-e64eb9c0d121475323e1c437f01503ad\">Proponer pr\u00e1cticas educativas que respeten esa condici\u00f3n.<\/li>\n\n\n\n<li class=\"has-black-color has-text-color has-link-color wp-elements-f07ead96a7ae835a8734a4251f084648\">Capacidad para entender la problem\u00e1tica educativa contextualizada en proyectos pol\u00edticos, econ\u00f3micos, culturales, propuestos para el pa\u00eds, la regi\u00f3n y la provincia.<\/li>\n\n\n\n<li class=\"has-black-color has-text-color has-link-color wp-elements-76372b21f32f14bab8d89e3ae79c5a80\">Asumir conductas de educaci\u00f3n permanente.<\/li>\n\n\n\n<li class=\"has-black-color has-text-color has-link-color wp-elements-3a09661fc9083532c7bac51df2c051c9\">Establecer v\u00ednculos de aprendizajes constantes.<\/li>\n\n\n\n<li class=\"has-black-color has-text-color has-link-color wp-elements-6001417a371bc1ec107606f27ec3edc0\">Habilidad para involucrarse en trabajos interdisciplinarios.<\/li>\n\n\n\n<li class=\"has-black-color has-text-color has-link-color wp-elements-1825ac1025517d278fd1bab9a8dccae0\">Elaborar y evaluar proyectos educativos de alcance escolar y comunitario. \u2013 Desarrollar acciones que promuevan el reconocimiento del valor el arte en la comunidad.<\/li>\n\n\n\n<li class=\"has-black-color has-text-color has-link-color wp-elements-b4edce8e711cc5db3931182926aa3985\">Promover en los estudiantes conductas participativas, comprometidas y democr\u00e1ticas.<\/li>\n<\/ul>\n\n\n\n<h3 class=\"wp-block-heading\">\u00a0Requisitos de Ingreso<mark style=\"background-color:rgba(0, 0, 0, 0)\" class=\"has-inline-color has-vivid-red-color\"> <\/mark><strong><a href=\"https:\/\/40.fayd.unam.edu.ar\/index.php\/ingresantes\/\" data-type=\"page\" data-id=\"1475\"><mark style=\"background-color:rgba(0, 0, 0, 0)\" class=\"has-inline-color has-vivid-red-color\">aqu\u00ed<\/mark><\/a><\/strong><\/h3>\n\n\n\n<p><\/p>\n","protected":false},"excerpt":{"rendered":"<p>Profesorado en Artes Pl\u00e1sticas PERFIL DEL EGRESADO Profesionales docentes capacitados para planificar, conducir y evaluar procesos de ense\u00f1anza y aprendizaje, en el \u00e1rea de Educaci\u00f3n Pl\u00e1stica, en todos los niveles &#8230;<\/p>\n","protected":false},"author":2,"featured_media":0,"parent":0,"menu_order":0,"comment_status":"closed","ping_status":"closed","template":"","meta":{"footnotes":""},"class_list":["post-1664","page","type-page","status-publish","hentry"],"_links":{"self":[{"href":"https:\/\/40.fayd.unam.edu.ar\/index.php\/wp-json\/wp\/v2\/pages\/1664","targetHints":{"allow":["GET"]}}],"collection":[{"href":"https:\/\/40.fayd.unam.edu.ar\/index.php\/wp-json\/wp\/v2\/pages"}],"about":[{"href":"https:\/\/40.fayd.unam.edu.ar\/index.php\/wp-json\/wp\/v2\/types\/page"}],"author":[{"embeddable":true,"href":"https:\/\/40.fayd.unam.edu.ar\/index.php\/wp-json\/wp\/v2\/users\/2"}],"replies":[{"embeddable":true,"href":"https:\/\/40.fayd.unam.edu.ar\/index.php\/wp-json\/wp\/v2\/comments?post=1664"}],"version-history":[{"count":5,"href":"https:\/\/40.fayd.unam.edu.ar\/index.php\/wp-json\/wp\/v2\/pages\/1664\/revisions"}],"predecessor-version":[{"id":1680,"href":"https:\/\/40.fayd.unam.edu.ar\/index.php\/wp-json\/wp\/v2\/pages\/1664\/revisions\/1680"}],"wp:attachment":[{"href":"https:\/\/40.fayd.unam.edu.ar\/index.php\/wp-json\/wp\/v2\/media?parent=1664"}],"curies":[{"name":"wp","href":"https:\/\/api.w.org\/{rel}","templated":true}]}}

Profesorado en Artes Plásticas

<p class="has-vivid-red-color has-text-color has-link-color has-large-font-size wp-elements-fcf6698908a2544deb54ea313f4d559c" style="text-decoration:underline"><strong>Profesorado en Artes Plásticas</strong></p>



<p class="has-black-color has-text-color has-link-color has-medium-font-size wp-elements-15f72f4afb5073c1018cc3b982d622f7">PERFIL DEL EGRESADO</p>



<p class="has-black-color has-text-color has-link-color wp-elements-82f276f05cedbea446784314b0670077">Profesionales docentes capacitados para planificar, conducir y evaluar procesos de enseñanza y aprendizaje, en el área de Educación Plástica, en todos los niveles del sistema educativo.</p>



<h3 class="wp-block-heading has-black-color has-text-color has-link-color has-medium-font-size wp-elements-f1339d09346fce47b75dd5c7ce90684d">Perfil del Título</h3>



<p class="has-black-color has-text-color has-link-color wp-elements-e3a05e979b1712e9a0858887d406df54">Esta carrera formará profesionales, docentes capacitados para:</p>



<ul class="wp-block-list">
<li class="has-black-color has-text-color has-link-color wp-elements-9ed9d5251da59f4a42e16a242c7eb01a">Planificar, conducir y evaluar procesos de enseñanza-aprendizaje, en el área de la educación plástica para todos los niveles del sistema educativo.</li>



<li class="has-black-color has-text-color has-link-color wp-elements-41a1f83019408cef590db2c8a5262641">Asesorar en lo concerniente al proceso de enseñanza y aprendizaje en lo relacionado con el área de conocimiento científico.</li>
</ul>



<h3 class="wp-block-heading has-black-color has-text-color has-link-color has-medium-font-size wp-elements-a88f3b0e9d1f48cfa9e8b0b83a4b5171">Alcances del Título</h3>



<p class="has-black-color has-text-color has-link-color wp-elements-f73e4f3875dde8e9e7260dd2bf2fb475">Se pretende desarrollar en el futuro docente un profesional que cuente, entre otras, con capacidades, para:</p>



<ul class="wp-block-list">
<li class="has-black-color has-text-color has-link-color wp-elements-03c9cfed98e80e662760fa5678edf4aa">Habilidad crítica y creatividad y supuestos que sustenten sus prácticas.</li>



<li class="has-black-color has-text-color has-link-color wp-elements-77e7f6178495bb1296418c36c38b3154">Reconocer distintas líneas teóricas que explican el funcionamiento educativo.</li>



<li class="has-black-color has-text-color has-link-color wp-elements-4e5aa782aa2a6a60d7cb3aeffb332a35">Asumir su pertenencia institucional.</li>



<li class="has-black-color has-text-color has-link-color wp-elements-7a32bfc6670f8bef39327f18fe039371">Desarrollar habilidades para integrar equipos de trabajos -integrar teoría y práctica.-</li>



<li class="has-black-color has-text-color has-link-color wp-elements-b9ed17ccd2f8430c324eef6300ec493f">Reconocer al sujeto de aprendizaje como portador de cultura.</li>



<li class="has-black-color has-text-color has-link-color wp-elements-e64eb9c0d121475323e1c437f01503ad">Proponer prácticas educativas que respeten esa condición.</li>



<li class="has-black-color has-text-color has-link-color wp-elements-f07ead96a7ae835a8734a4251f084648">Capacidad para entender la problemática educativa contextualizada en proyectos políticos, económicos, culturales, propuestos para el país, la región y la provincia.</li>



<li class="has-black-color has-text-color has-link-color wp-elements-76372b21f32f14bab8d89e3ae79c5a80">Asumir conductas de educación permanente.</li>



<li class="has-black-color has-text-color has-link-color wp-elements-3a09661fc9083532c7bac51df2c051c9">Establecer vínculos de aprendizajes constantes.</li>



<li class="has-black-color has-text-color has-link-color wp-elements-6001417a371bc1ec107606f27ec3edc0">Habilidad para involucrarse en trabajos interdisciplinarios.</li>



<li class="has-black-color has-text-color has-link-color wp-elements-1825ac1025517d278fd1bab9a8dccae0">Elaborar y evaluar proyectos educativos de alcance escolar y comunitario. – Desarrollar acciones que promuevan el reconocimiento del valor el arte en la comunidad.</li>



<li class="has-black-color has-text-color has-link-color wp-elements-b4edce8e711cc5db3931182926aa3985">Promover en los estudiantes conductas participativas, comprometidas y democráticas.</li>
</ul>



<h3 class="wp-block-heading"> Requisitos de Ingreso<mark style="background-color:rgba(0, 0, 0, 0)" class="has-inline-color has-vivid-red-color"> </mark><strong><a href="https://40.fayd.unam.edu.ar/index.php/ingresantes/" data-type="page" data-id="1475"><mark style="background-color:rgba(0, 0, 0, 0)" class="has-inline-color has-vivid-red-color">aquí</mark></a></strong></h3>



<p></p>

<p>Profesorado en Artes Plásticas PERFIL DEL EGRESADO Profesionales docentes capacitados para planificar, conducir y evaluar procesos de enseñanza y aprendizaje, en el área de Educación Plástica, en todos los niveles &#8230;</p>
