{"id":1646,"date":"2025-03-17T15:23:36","date_gmt":"2025-03-17T18:23:36","guid":{"rendered":"https:\/\/40.fayd.unam.edu.ar\/?page_id=1646"},"modified":"2025-03-17T17:20:56","modified_gmt":"2025-03-17T20:20:56","slug":"tec-universitaria-en-industria-textil","status":"publish","type":"page","link":"https:\/\/40.fayd.unam.edu.ar\/index.php\/tec-universitaria-en-industria-textil\/","title":{"rendered":"Tec Universitaria en Industria Textil"},"content":{"rendered":"\n<p class=\"has-vivid-red-color has-text-color has-link-color wp-elements-fcdbfa79bb24ec23ea5854811b606941\" style=\"font-size:32px;text-decoration:underline\"><strong>Tecnicatura Universitaria en Industria Textil<\/strong><\/p>\n\n\n\n<blockquote class=\"wp-block-quote is-layout-flow wp-block-quote-is-layout-flow\">\n<p class=\"has-medium-font-size\"><strong><mark style=\"background-color:rgba(0, 0, 0, 0)\" class=\"has-inline-color has-luminous-vivid-orange-color\">INSCRIPCIONES CERRADAS<\/mark><\/strong><\/p>\n<\/blockquote>\n\n\n\n<p class=\"has-black-color has-text-color has-link-color wp-elements-4a831ab25e66115b74356727ae322bad\">En el marco del Programa de Educaci\u00f3n Profesional de la Universidad Nacional de Misiones Res. C.S. 053\/21, se presenta la carrera intrainstitucional de pregrado Tecnicatura Universitaria en Industria Textil &#8211; Res. CS 178\/22-RM N\u00b0 729\/23, como resultado de un trabajo en conjunto entre la Facultad de Arte y Dise\u00f1o, y la Facultad de Ciencias Exactas, Qu\u00edmicas y Naturales.<\/p>\n\n\n\n<p class=\"has-black-color has-text-color has-link-color wp-elements-2cc6ff97aa4876f9748d21d8f1ce0b0a\">Profesionales universitarios con formaci\u00f3n t\u00e9cnica, capacitados para acompa\u00f1ar en la gesti\u00f3n y desarrollo de emprendimientos artesanales, artesano-industriales o industrias vinculadas al \u00e1rea de producci\u00f3n textil, con la competencia para agregar valor e innovando en las t\u00e9cnicas ancestrales locales y materias primas provenientes de la regi\u00f3n, demostrando conocimiento de los avances tecnol\u00f3gicos y su relaci\u00f3n y compromiso con la sustentabilidad.<\/p>\n\n\n\n<h3 class=\"wp-block-heading has-black-color has-text-color has-link-color wp-elements-c84982083132cda64d2c84b533f9b65e\">PERFIL PROFESIONAL<\/h3>\n\n\n\n<p class=\"has-black-color has-text-color has-link-color wp-elements-6ea51ded695e3e8cf9b94ffcf2f0917a\">El\/la T\u00e9cnico\/a Universitario\/a en Industria Textil estar\u00e1 capacitado\/a en:<\/p>\n\n\n\n<ol class=\"wp-block-list has-black-color has-text-color has-link-color wp-elements-c7a553e19e0a50c566517d78c829edb4\">\n<li>Asesoramiento y participaci\u00f3n del dise\u00f1o del proceso de producci\u00f3n textil en colaboraci\u00f3n con otros profesionales.<\/li>\n\n\n\n<li>Planificaci\u00f3n del proceso de producci\u00f3n, teniendo en cuenta los recursos tecnol\u00f3gicos y los conocimientos socioculturales requeridos para el desarrollo del mismo.<\/li>\n\n\n\n<li>Asesoramiento y participaci\u00f3n del dise\u00f1o de la gesti\u00f3n del proceso de producci\u00f3n y su comercializaci\u00f3n.<\/li>\n<\/ol>\n\n\n\n<h3 class=\"wp-block-heading has-black-color has-text-color has-link-color wp-elements-b9edc0ead5e9b2d922522a70047b8fc6\">ALCANCES DEL T\u00cdTULO&nbsp;<\/h3>\n\n\n\n<p class=\"has-black-color has-text-color has-link-color wp-elements-b794473b5b635e0a8b94d08811a2839c\">El\/la T\u00e9cnico\/a Universitario en Industria Textil estar\u00e1 habilitado\/a, en colaboraci\u00f3n y\/o asistencia de otro profesional de grado en Dise\u00f1o textil e indumentaria para:<\/p>\n\n\n\n<ul class=\"wp-block-list has-black-color has-text-color has-link-color wp-elements-22be0c8a7eeec6760b124591c22b33ba\">\n<li>Cooperar en procesos de dise\u00f1os, aportando en desarrollos de vestimentas, tejidos, accesorios y complementos, proposici\u00f3n de patrones de uso y confecci\u00f3n de productos textiles, sistemas de producci\u00f3n o series de productos, con capacidad para innovar y aportar agregando valor, con conocimiento id\u00f3neo del material, su t\u00e9cnica y su adecuada aplicaci\u00f3n, con conocimiento de funcionalidad y condiciones de confort e interpretaci\u00f3n y representaci\u00f3n social.<\/li>\n\n\n\n<li>Colaborar en el desarrollo y producci\u00f3n de textiles, cueros, pl\u00e1sticos, sean tejidos, estampados, ensamblados o cualquier otra modalidad y sus aplicaciones en objetos de uso, como tambi\u00e9n prendas de vestir, calzados, accesorios, etc., sean utilitarios, laborales, especiales o del universo de la moda.<\/li>\n\n\n\n<li>Integrar equipos de producci\u00f3n de indumentaria y textil, accesorios y complementos, demostrando destrezas en interpretaci\u00f3n y confecci\u00f3n de lenguaje gr\u00e1fico, capacidad para actuar y\/o dirigir procesos, con manejo de las tecnolog\u00edas apropiadas y conocimiento de normas de higiene y seguridad.<\/li>\n\n\n\n<li>Cooperar en procesos de planificaci\u00f3n interna y gesti\u00f3n, con profesionales y\/o en equipos interdisciplinarios.<\/li>\n\n\n\n<li>Confeccionar presupuestos, gestionar pedidos de mercader\u00edas y\/o de insumos, en lo referente al campo de la producci\u00f3n textil.<\/li>\n<\/ul>\n","protected":false},"excerpt":{"rendered":"<p>Tecnicatura Universitaria en Industria Textil INSCRIPCIONES CERRADAS En el marco del Programa de Educaci\u00f3n Profesional de la Universidad Nacional de Misiones Res. C.S. 053\/21, se presenta la carrera intrainstitucional de &#8230;<\/p>\n","protected":false},"author":2,"featured_media":0,"parent":0,"menu_order":0,"comment_status":"closed","ping_status":"closed","template":"","meta":{"footnotes":""},"class_list":["post-1646","page","type-page","status-publish","hentry"],"_links":{"self":[{"href":"https:\/\/40.fayd.unam.edu.ar\/index.php\/wp-json\/wp\/v2\/pages\/1646","targetHints":{"allow":["GET"]}}],"collection":[{"href":"https:\/\/40.fayd.unam.edu.ar\/index.php\/wp-json\/wp\/v2\/pages"}],"about":[{"href":"https:\/\/40.fayd.unam.edu.ar\/index.php\/wp-json\/wp\/v2\/types\/page"}],"author":[{"embeddable":true,"href":"https:\/\/40.fayd.unam.edu.ar\/index.php\/wp-json\/wp\/v2\/users\/2"}],"replies":[{"embeddable":true,"href":"https:\/\/40.fayd.unam.edu.ar\/index.php\/wp-json\/wp\/v2\/comments?post=1646"}],"version-history":[{"count":4,"href":"https:\/\/40.fayd.unam.edu.ar\/index.php\/wp-json\/wp\/v2\/pages\/1646\/revisions"}],"predecessor-version":[{"id":1712,"href":"https:\/\/40.fayd.unam.edu.ar\/index.php\/wp-json\/wp\/v2\/pages\/1646\/revisions\/1712"}],"wp:attachment":[{"href":"https:\/\/40.fayd.unam.edu.ar\/index.php\/wp-json\/wp\/v2\/media?parent=1646"}],"curies":[{"name":"wp","href":"https:\/\/api.w.org\/{rel}","templated":true}]}}

<p class="has-vivid-red-color has-text-color has-link-color wp-elements-fcdbfa79bb24ec23ea5854811b606941" style="font-size:32px;text-decoration:underline"><strong>Tecnicatura Universitaria en Industria Textil</strong></p>



<blockquote class="wp-block-quote is-layout-flow wp-block-quote-is-layout-flow">
<p class="has-medium-font-size"><strong><mark style="background-color:rgba(0, 0, 0, 0)" class="has-inline-color has-luminous-vivid-orange-color">INSCRIPCIONES CERRADAS</mark></strong></p>
</blockquote>



<p class="has-black-color has-text-color has-link-color wp-elements-4a831ab25e66115b74356727ae322bad">En el marco del Programa de Educación Profesional de la Universidad Nacional de Misiones Res. C.S. 053/21, se presenta la carrera intrainstitucional de pregrado Tecnicatura Universitaria en Industria Textil &#8211; Res. CS 178/22-RM N° 729/23, como resultado de un trabajo en conjunto entre la Facultad de Arte y Diseño, y la Facultad de Ciencias Exactas, Químicas y Naturales.</p>



<p class="has-black-color has-text-color has-link-color wp-elements-2cc6ff97aa4876f9748d21d8f1ce0b0a">Profesionales universitarios con formación técnica, capacitados para acompañar en la gestión y desarrollo de emprendimientos artesanales, artesano-industriales o industrias vinculadas al área de producción textil, con la competencia para agregar valor e innovando en las técnicas ancestrales locales y materias primas provenientes de la región, demostrando conocimiento de los avances tecnológicos y su relación y compromiso con la sustentabilidad.</p>



<h3 class="wp-block-heading has-black-color has-text-color has-link-color wp-elements-c84982083132cda64d2c84b533f9b65e">PERFIL PROFESIONAL</h3>



<p class="has-black-color has-text-color has-link-color wp-elements-6ea51ded695e3e8cf9b94ffcf2f0917a">El/la Técnico/a Universitario/a en Industria Textil estará capacitado/a en:</p>



<ol class="wp-block-list has-black-color has-text-color has-link-color wp-elements-c7a553e19e0a50c566517d78c829edb4">
<li>Asesoramiento y participación del diseño del proceso de producción textil en colaboración con otros profesionales.</li>



<li>Planificación del proceso de producción, teniendo en cuenta los recursos tecnológicos y los conocimientos socioculturales requeridos para el desarrollo del mismo.</li>



<li>Asesoramiento y participación del diseño de la gestión del proceso de producción y su comercialización.</li>
</ol>



<h3 class="wp-block-heading has-black-color has-text-color has-link-color wp-elements-b9edc0ead5e9b2d922522a70047b8fc6">ALCANCES DEL TÍTULO&nbsp;</h3>



<p class="has-black-color has-text-color has-link-color wp-elements-b794473b5b635e0a8b94d08811a2839c">El/la Técnico/a Universitario en Industria Textil estará habilitado/a, en colaboración y/o asistencia de otro profesional de grado en Diseño textil e indumentaria para:</p>



<ul class="wp-block-list has-black-color has-text-color has-link-color wp-elements-22be0c8a7eeec6760b124591c22b33ba">
<li>Cooperar en procesos de diseños, aportando en desarrollos de vestimentas, tejidos, accesorios y complementos, proposición de patrones de uso y confección de productos textiles, sistemas de producción o series de productos, con capacidad para innovar y aportar agregando valor, con conocimiento idóneo del material, su técnica y su adecuada aplicación, con conocimiento de funcionalidad y condiciones de confort e interpretación y representación social.</li>



<li>Colaborar en el desarrollo y producción de textiles, cueros, plásticos, sean tejidos, estampados, ensamblados o cualquier otra modalidad y sus aplicaciones en objetos de uso, como también prendas de vestir, calzados, accesorios, etc., sean utilitarios, laborales, especiales o del universo de la moda.</li>



<li>Integrar equipos de producción de indumentaria y textil, accesorios y complementos, demostrando destrezas en interpretación y confección de lenguaje gráfico, capacidad para actuar y/o dirigir procesos, con manejo de las tecnologías apropiadas y conocimiento de normas de higiene y seguridad.</li>



<li>Cooperar en procesos de planificación interna y gestión, con profesionales y/o en equipos interdisciplinarios.</li>



<li>Confeccionar presupuestos, gestionar pedidos de mercaderías y/o de insumos, en lo referente al campo de la producción textil.</li>
</ul>

<p>Tecnicatura Universitaria en Industria Textil INSCRIPCIONES CERRADAS En el marco del Programa de Educación Profesional de la Universidad Nacional de Misiones Res. C.S. 053/21, se presenta la carrera intrainstitucional de &#8230;</p>
