{"id":1633,"date":"2025-03-17T15:20:04","date_gmt":"2025-03-17T18:20:04","guid":{"rendered":"https:\/\/40.fayd.unam.edu.ar\/?page_id=1633"},"modified":"2025-03-17T16:38:45","modified_gmt":"2025-03-17T19:38:45","slug":"tecnologia-ceramica","status":"publish","type":"page","link":"https:\/\/40.fayd.unam.edu.ar\/index.php\/tecnologia-ceramica\/","title":{"rendered":"Tecnolog\u00eda Cer\u00e1mica"},"content":{"rendered":"\n<p class=\"has-vivid-red-color has-text-color has-link-color has-large-font-size wp-elements-c773c6a743b32b7752e506add6e7da1f\" style=\"text-decoration:underline\"><strong>Tecnolog\u00eda Cer\u00e1mica<\/strong><\/p>\n\n\n\n<p class=\"has-black-color has-text-color has-link-color wp-elements-6c3a320655a9a4f2a066511d249dc841\" style=\"font-size:16px\"><strong>PERFIL DEL EGRESADO<\/strong><\/p>\n\n\n\n<p class=\"has-black-color has-text-color has-link-color wp-elements-e54c4f841e59da9529ca3bb419872ea3\">Su objetivo es formar t\u00e9cnicos de excelente nivel que promuevan el desarrollo de las habilidades y destrezas propias de la cer\u00e1mica. Promocionar el ejercicio de la investigaci\u00f3n de su \u00e1mbito.<\/p>\n\n\n\n<h3 class=\"wp-block-heading has-black-color has-text-color has-link-color wp-elements-dca53dd7191af783909ffaaf287a0c36\">Perfil del T\u00edtulo<\/h3>\n\n\n\n<ul class=\"wp-block-list has-black-color has-text-color has-link-color wp-elements-825f6508d72d7f7d4fe76a54c113fa5a\">\n<li>Formar t\u00e9cnicos de excelente nivel que promuevan el desarrollo de las habilidades y destrezas propias de la Cer\u00e1mica.<\/li>\n\n\n\n<li>Promocionar el ejercicio de la investigaci\u00f3n dentro del \u00e1mbito de la especialidad. Desarrollar la capacidad creadora para la realizaci\u00f3n de actividades art\u00edsticas y artesanales en la cer\u00e1mica.<\/li>\n\n\n\n<li>Generar un esp\u00edritu cr\u00edtico con respecto a la especialidad.<\/li>\n<\/ul>\n\n\n\n<h3 class=\"wp-block-heading has-black-color has-text-color has-link-color wp-elements-114aa6ccd8d4358aa677b4c8f24d635f\">Alcances del T\u00edtulo<\/h3>\n\n\n\n<ul class=\"wp-block-list has-black-color has-text-color has-link-color wp-elements-2d1b7ebb787cca2363621e9cd72c90ff\">\n<li>Desempe\u00f1arse en el campo t\u00e9cnico y\/o empresarial de la cer\u00e1mica.<\/li>\n\n\n\n<li>Brindar asesoramiento t\u00e9cnico en lo relacionado con esta industria.<\/li>\n\n\n\n<li class=\"has-black-color has-text-color has-link-color wp-elements-c5db99df7a2b70740b81bf87ce11b801\">Intervenir en la organizaci\u00f3n y producci\u00f3n artesanal y\/o semi-industrial de la especialidad.<\/li>\n<\/ul>\n\n\n\n<h3 class=\"wp-block-heading has-black-color has-text-color has-link-color wp-elements-d732b99b67ef269e022f847ebcd7e521\">\u00a0Requisitos de Ingreso <strong><a href=\"https:\/\/40.fayd.unam.edu.ar\/index.php\/ingresantes\/\" data-type=\"page\" data-id=\"1475\"><mark style=\"background-color:rgba(0, 0, 0, 0)\" class=\"has-inline-color has-vivid-red-color\">aqu\u00ed<\/mark><\/a><\/strong><\/h3>\n\n\n\n<div style=\"height:28px\" aria-hidden=\"true\" class=\"wp-block-spacer\"><\/div>\n\n\n\n<p><\/p>\n\n\n\n<p class=\"has-black-color has-text-color has-link-color has-medium-font-size wp-elements-ba5162a77abca5e085ed18f446cd379f\" style=\"text-decoration:underline\"><strong>Extensi\u00f3n \u00c1ulica &#8211; Sede Santa Ana\u00a0<\/strong><\/p>\n\n\n\n<ul class=\"wp-block-list has-black-color has-text-color has-link-color wp-elements-ad81c4ae5d41c7bd000f97229d1d5196\"><\/ul>\n\n\n\n<p class=\"has-black-color has-text-color has-link-color wp-elements-50295d7e1d812da7de7973068a593c22\">Dictado Intensivo.<\/p>\n\n\n\n<p class=\"has-black-color has-text-color has-link-color wp-elements-b943692c758c5b164a58d4ec15136b22\">Inscripci\u00f3n cerrada<\/p>\n\n\n\n<p class=\"has-black-color has-text-color has-link-color wp-elements-5aaceca26f1afd1445b5808277a68498\">CONTACTO:<\/p>\n\n\n\n<p class=\"has-black-color has-text-color has-link-color wp-elements-77bd457f91ce0b88130c84f45dc51c83\">En Santa Ana al Taller Municipal de Artes Brasanelli (SUM), detr\u00e1s del sal\u00f3n Municipal &#8211; Av. Belgrano y Antonio Melo.&nbsp;<\/p>\n\n\n\n<p class=\"has-black-color has-text-color has-link-color wp-elements-4a1ed71a6046e30eb36c95eac7e1a5fd\">Facebook:\u00a0<a href=\"https:\/\/web.facebook.com\/tallerdeartebrasanelli\/?fref=ts&amp;_rdr\"><mark style=\"background-color:rgba(0, 0, 0, 0)\" class=\"has-inline-color has-vivid-red-color\"><strong>Taller de Arte Brasanelli &#8211; Municipalidad de Santa Ana\u00a0<\/strong><\/mark><\/a><\/p>\n\n\n\n<p class=\"has-black-color has-text-color has-link-color wp-elements-2d2c2bda458e78879f3fd5f0083a8ed1\">mail:\u00a0<a href=\"mailto:artemisiones@hotmail.com\"><strong><mark style=\"background-color:rgba(0, 0, 0, 0)\" class=\"has-inline-color has-vivid-red-color\">artemisiones@hotmail.com<\/mark><\/strong><\/a>\u00a0&#8211; Celular: 3754 &#8211; 466604<\/p>\n\n\n\n<p><\/p>\n","protected":false},"excerpt":{"rendered":"<p>Tecnolog\u00eda Cer\u00e1mica PERFIL DEL EGRESADO Su objetivo es formar t\u00e9cnicos de excelente nivel que promuevan el desarrollo de las habilidades y destrezas propias de la cer\u00e1mica. Promocionar el ejercicio de &#8230;<\/p>\n","protected":false},"author":2,"featured_media":0,"parent":0,"menu_order":0,"comment_status":"closed","ping_status":"closed","template":"","meta":{"footnotes":""},"class_list":["post-1633","page","type-page","status-publish","hentry"],"_links":{"self":[{"href":"https:\/\/40.fayd.unam.edu.ar\/index.php\/wp-json\/wp\/v2\/pages\/1633","targetHints":{"allow":["GET"]}}],"collection":[{"href":"https:\/\/40.fayd.unam.edu.ar\/index.php\/wp-json\/wp\/v2\/pages"}],"about":[{"href":"https:\/\/40.fayd.unam.edu.ar\/index.php\/wp-json\/wp\/v2\/types\/page"}],"author":[{"embeddable":true,"href":"https:\/\/40.fayd.unam.edu.ar\/index.php\/wp-json\/wp\/v2\/users\/2"}],"replies":[{"embeddable":true,"href":"https:\/\/40.fayd.unam.edu.ar\/index.php\/wp-json\/wp\/v2\/comments?post=1633"}],"version-history":[{"count":6,"href":"https:\/\/40.fayd.unam.edu.ar\/index.php\/wp-json\/wp\/v2\/pages\/1633\/revisions"}],"predecessor-version":[{"id":1696,"href":"https:\/\/40.fayd.unam.edu.ar\/index.php\/wp-json\/wp\/v2\/pages\/1633\/revisions\/1696"}],"wp:attachment":[{"href":"https:\/\/40.fayd.unam.edu.ar\/index.php\/wp-json\/wp\/v2\/media?parent=1633"}],"curies":[{"name":"wp","href":"https:\/\/api.w.org\/{rel}","templated":true}]}}