{"id":1630,"date":"2025-03-17T15:20:04","date_gmt":"2025-03-17T18:20:04","guid":{"rendered":"https:\/\/40.fayd.unam.edu.ar\/?page_id=1630"},"modified":"2025-03-17T16:12:23","modified_gmt":"2025-03-17T19:12:23","slug":"licenciatura-en-musica","status":"publish","type":"page","link":"https:\/\/40.fayd.unam.edu.ar\/index.php\/licenciatura-en-musica\/","title":{"rendered":"Licenciatura en M\u00fasica"},"content":{"rendered":"\n<p class=\"has-vivid-red-color has-text-color has-link-color has-large-font-size wp-elements-b0afe4d53047da34da78d39ccc2a08d4\" style=\"text-decoration:underline\"><strong>Licenciatura en M\u00fasica<\/strong><\/p>\n\n\n\n<p class=\"has-black-color has-text-color has-link-color has-medium-font-size wp-elements-9c52f678784abac60cad5c8226660363\">CICLO DE COMPLEMENTACI\u00d3N<\/p>\n\n\n\n<p class=\"has-black-color has-text-color has-link-color wp-elements-252c06f906f09fbbfa1bae2ee402781c\"><strong>DURACI\u00d3N<\/strong>: 2 a\u00f1os (920 hs. Reloj)&nbsp;<\/p>\n\n\n\n<p class=\"has-black-color has-text-color has-link-color has-medium-font-size wp-elements-9df010bc9b3fbc28146096389e5daf52\">BREVE DESCRIPCI\u00d3N<\/p>\n\n\n\n<p class=\"has-black-color has-text-color has-link-color wp-elements-e2b6481d0250988c2b108e98f633091c\">Este ciclo permitir\u00e1 profundizar herramientas te\u00f3ricas, t\u00e9cnicas y metodol\u00f3gicas que inicien el camino para la investigaci\u00f3n en arte, a partir de la reflexi\u00f3n sobre las propias producciones, la investigaci\u00f3n musicol\u00f3gica y la educativa musical, posibilitando un acceso multicultural y de una gran variedad de circuitos y soportes.<\/p>\n\n\n\n<p class=\"has-black-color has-text-color has-link-color wp-elements-779d8bf32868a1ce2610dbf4a34ffe6b\">Se propone avanzar en un desarrollo intenso de herramientas anal\u00edticas que permitan acceder tanto a las producciones hist\u00f3ricas, como a la multiplicidad de manifestaciones, desde la m\u00fasica contempor\u00e1nea acad\u00e9mica a las distintas expresiones de la m\u00fasica popular. Del mismo modo, este ciclo permitir\u00e1 incursionar desde la producci\u00f3n musical grupal, hacia distintos repertorios que posibilitar\u00e1n un conocimiento amplio desde el hacer, de diversas manifestaciones de la cultura musical actual.<\/p>\n\n\n\n<p class=\"has-black-color has-text-color has-link-color wp-elements-3eba37227f3dabf600f3d0bd330f958f\">El ciclo se completa con conocimientos de est\u00e9tica, semi\u00f3tica y de metodolog\u00eda de la investigaci\u00f3n en arte, de modo que los alumnos puedan construir su propia experiencia est\u00e9tica en funci\u00f3n de un conocimiento reflexivo, amplio y actualizado.<\/p>\n\n\n\n<p class=\"has-black-color has-text-color has-link-color has-medium-font-size wp-elements-1a8046db364cc05cc6db02ee4bceaffa\">OBJETIVOS<\/p>\n\n\n\n<p class=\"has-black-color has-text-color has-link-color wp-elements-edc0d55907135d40b81ec0eb29f29a9c\">El dise\u00f1o de este Ciclo de Complementaci\u00f3n Curricular se fundamenta con los siguientes objetivos:<\/p>\n\n\n\n<ul class=\"wp-block-list\">\n<li class=\"has-black-color has-text-color has-link-color wp-elements-0caf54e10de0166ed8255a8c786c11c5\">Brindar una titulaci\u00f3n de grado universitario a los egresados de institutos de formaci\u00f3n docente, para un mejor desempe\u00f1o profesional y para que puedan continuar, con posterioridad, estudios de posgrado.<\/li>\n\n\n\n<li class=\"has-black-color has-text-color has-link-color wp-elements-ba9865e612d88f7881511eb8573957fc\">Desarrollar una formaci\u00f3n integral de los estudiantes en competencias musicales que promueva una resoluci\u00f3n equilibrada con relaci\u00f3n a producci\u00f3n y reflexi\u00f3n, teor\u00eda y pr\u00e1ctica, t\u00e9cnicas y contextos culturales, tradici\u00f3n e innovaci\u00f3n.<\/li>\n\n\n\n<li class=\"has-black-color has-text-color has-link-color wp-elements-5e4bf573ad689bc0f92867cfe2f4d5b0\">Contribuir a la formaci\u00f3n profesional en el campo de la investigaci\u00f3n art\u00edstica, musicol\u00f3gica y la educativa musical.<\/li>\n\n\n\n<li class=\"has-black-color has-text-color has-link-color wp-elements-80d8b97264d8ad70aa204b69ce0deb23\">Proporcionar herramientas de an\u00e1lisis, de intervenci\u00f3n y evaluaci\u00f3n en el campo de la producci\u00f3n musical y la gesti\u00f3n cultural.<\/li>\n\n\n\n<li class=\"has-black-color has-text-color has-link-color wp-elements-907a66907c0f0e996e9ba61e3df1a2b1\">Interactuar con instituciones a trav\u00e9s de convenios de cooperaci\u00f3n para la actualizaci\u00f3n acad\u00e9mica en el campo disciplinar y en la investigaci\u00f3n.<\/li>\n<\/ul>\n\n\n\n<p class=\"has-black-color has-text-color has-link-color has-medium-font-size wp-elements-45398e9b8c6c457468ded90736fabb82\">PERFIL DEL T\u00cdTULO<\/p>\n\n\n\n<p class=\"has-black-color has-text-color has-link-color wp-elements-7b1c17068d283447879c897a411b3938\">Esta carrera prev\u00e9 el ingreso de una diversidad de aspirantes con titulaciones de institutos superiores no universitarios de Profesor de M\u00fasica. Esto permitir\u00e1 el enriquecimiento a partir de las experiencias culturales, tanto por los diferentes contextos de formaci\u00f3n como por las propias experiencias musicales regionales. Ser\u00e1 importante entonces, privilegiar una mirada que encuentre esta heterogeneidad no tanto como un obst\u00e1culo sino como un beneficio que enriquezca el capital cultural de los estudiantes.<\/p>\n\n\n\n<p class=\"has-black-color has-text-color has-link-color wp-elements-f5b91f82c3365797d5d586082c6fc2f7\">La Licenciatura en M\u00fasica propicia el desarrollo de competencias musicales que promuevan una resoluci\u00f3n equilibrada con relaci\u00f3n a producci\u00f3n y reflexi\u00f3n, teor\u00eda y pr\u00e1ctica, t\u00e9cnicas y contextos culturales, tradici\u00f3n e innovaci\u00f3n. As\u00ed, el futuro egresado podr\u00e1 continuar su actividad sobre una base sustentada en cuatro ejes:<\/p>\n\n\n\n<ol class=\"wp-block-list\">\n<li class=\"has-black-color has-text-color has-link-color wp-elements-58d801666ccd1a37dbbeb8892a77c06c\">Conocimientos disciplinares. Aspectos te\u00f3ricos y recursos de producci\u00f3n musical de composici\u00f3n, arreglo e interpretaci\u00f3n, de m\u00fasica popular y acad\u00e9mica.<\/li>\n\n\n\n<li class=\"has-black-color has-text-color has-link-color wp-elements-e841d93273fc7d887b89010b96e29022\">Conocimientos del campo de la investigaci\u00f3n. Herramientas te\u00f3ricas, t\u00e9cnicas y metodol\u00f3gicas para la investigaci\u00f3n art\u00edstica, musicol\u00f3gica y la educativa musical.<\/li>\n\n\n\n<li class=\"has-black-color has-text-color has-link-color wp-elements-54e5a4386d79696a39af707f611efec0\">Conocimientos de la gesti\u00f3n cultural y de las instituciones art\u00edsticas. Herramientas para planificar, gestionar y evaluar proyectos de promoci\u00f3n y difusi\u00f3n de la m\u00fasica.<\/li>\n\n\n\n<li class=\"has-black-color has-text-color has-link-color wp-elements-4d9b5cc8cb1bcbfd15f311ca18b7d2e5\">Competencias en registro y producci\u00f3n de sonido para la composici\u00f3n y edici\u00f3n musical y audiovisual.<\/li>\n<\/ol>\n\n\n\n<p class=\"has-black-color has-text-color has-link-color wp-elements-087bc2eb35787f902ca70720c4a73be4\">En consecuencia, el Licenciado en M\u00fasica habr\u00e1 desarrollado las capacidades y\/o habilidades que le permitir\u00e1n:<\/p>\n\n\n\n<ul class=\"wp-block-list\">\n<li class=\"has-black-color has-text-color has-link-color wp-elements-b862ceda86cf6a6477786548bfc0a41b\">Abordar la producci\u00f3n y el an\u00e1lisis musical cr\u00edtico reconociendo la interacci\u00f3n del contexto cultural y est\u00e9tico.<\/li>\n\n\n\n<li class=\"has-black-color has-text-color has-link-color wp-elements-365d220587f9ac1a442159a628692e0a\">Dise\u00f1ar y ejecutar investigaciones vinculadas al campo de la m\u00fasica desde una perspectiva cr\u00edtica y creativa.<\/li>\n\n\n\n<li class=\"has-black-color has-text-color has-link-color wp-elements-59aab45f79759c5eefd7f5e8a1b56165\">Planificar, gestionar y evaluar proyectos de promoci\u00f3n y difusi\u00f3n de la m\u00fasica.<\/li>\n<\/ul>\n\n\n\n<p class=\"has-black-color has-text-color has-link-color has-medium-font-size wp-elements-0c9ca1d90c71242a272c401f9dafab60\">ALCANCES DEL T\u00cdTULO<\/p>\n\n\n\n<p class=\"has-black-color has-text-color has-link-color wp-elements-7b286a31e1a5419cbaf1b434c6696929\">Esta carrera formar\u00e1 licenciados en m\u00fasica, capaces de:<\/p>\n\n\n\n<ul class=\"wp-block-list\">\n<li class=\"has-black-color has-text-color has-link-color wp-elements-cb1895d94cf67b50b571512294035068\">Realizar estudios e investigaciones.<\/li>\n\n\n\n<li class=\"has-black-color has-text-color has-link-color wp-elements-32d05973fe6f4125fb32cc26ae585772\">Elaborar planes educativos musicales y proyectos de producci\u00f3n art\u00edstica.<\/li>\n\n\n\n<li class=\"has-black-color has-text-color has-link-color wp-elements-6ec4c4e0db22fc8a203052970a6550b1\">Operar sobre la realidad, introduciendo variables que la modifiquen.<\/li>\n\n\n\n<li class=\"has-black-color has-text-color has-link-color wp-elements-51ceb1eaf202302704ee01018d2d3121\">Organizar y administrar proyectos, servicios y organizaciones de promoci\u00f3n y acci\u00f3n cultural en distintas jurisdicciones.&nbsp;<\/li>\n<\/ul>\n\n\n\n<p class=\"has-black-color has-text-color has-link-color has-medium-font-size wp-elements-85c1d619a212d9b63bd76c13ece09efb\">REQUISITOS DE ADMISI\u00d3N<\/p>\n\n\n\n<p class=\"has-black-color has-text-color has-link-color wp-elements-08846f6ebcb984230c785df2096409f3\">El aspirante deber\u00e1 completar el&nbsp;<strong><a href=\"https:\/\/preinscripcion.sistemas.unam.edu.ar\/alumno\/\"><mark style=\"background-color:rgba(0, 0, 0, 0)\" class=\"has-inline-color has-vivid-red-color\">Formulario de Preinscripci\u00f3n online<\/mark><\/a>,<\/strong>&nbsp;y luego enviar al correo<mark style=\"background-color:rgba(0, 0, 0, 0)\" class=\"has-inline-color has-vivid-red-color\">&nbsp;<strong>lic.musica@fayd.unam.edu.ar<\/strong><\/mark>&nbsp;la documentaci\u00f3n original escaneada que certifique lo siguiente:<\/p>\n\n\n\n<ol class=\"wp-block-list\">\n<li class=\"has-black-color has-text-color has-link-color wp-elements-7a4630d7dc7e13f24d70d52ef845e31a\">Poseer t\u00edtulo terciario de&nbsp;<strong>\u201cProfesor de M\u00fasica\u201d&nbsp;<\/strong>o denominaciones equivalentes, expedidas por instituciones especialmente reconocidas y otorgado en funci\u00f3n de planes de estudios que acrediten un m\u00ednimo de&nbsp; 1700hs (Un mil setecientas horas) en ese ciclo de formaci\u00f3n&nbsp; docente acorde con lo establecido por la Ley de Educaci\u00f3n Superior.<\/li>\n<\/ol>\n\n\n\n<p class=\"has-black-color has-text-color has-link-color has-medium-font-size wp-elements-c329959f6f11dd07a2c163dee5d4f6d1\">INSTRUMENTACI\u00d3N DE LA ADMISI\u00d3N<\/p>\n\n\n\n<p class=\"has-black-color has-text-color has-link-color wp-elements-1932b642bbe623375ee8f9edf7269bd9\">Una vez que env\u00edes la documentaci\u00f3n, la admisi\u00f3n estar\u00e1 a cargo del Comit\u00e9 Acad\u00e9mico que se conformar\u00e1 a trav\u00e9s de una Comisi\u00f3n Ad Hoc, la cual evaluar\u00e1 t\u00edtulos y antecedentes y en caso de ser necesario, podr\u00e1 solicitar una prueba de admisi\u00f3n y\/o convocar a consultores externos. Se espera que en el mes de marzo, recibas el correo electr\u00f3nico en el que se indica o no tu aceptaci\u00f3n a la cohorte 2024.<\/p>\n\n\n\n<p class=\"has-black-color has-text-color has-link-color wp-elements-4f8bdad90812e0716b35d9d5906d2ee4\">Una vez admitido en la carrera deber\u00e1s presentar los siguientes requisitos de ingreso:<\/p>\n\n\n\n<ul class=\"wp-block-list has-black-color has-text-color has-link-color wp-elements-b72a95d046b51fa0681bda9aec0c8872\">\n<li>Formulario de Pre-Inscripci\u00f3n (es el pdf que descargaste al finalizar tu inscripci\u00f3n online)<\/li>\n\n\n\n<li>1 foto 4&#215;4 tipo carnet<\/li>\n\n\n\n<li>DNI (original)&nbsp;<\/li>\n\n\n\n<li>Partida de nacimiento (original)<\/li>\n\n\n\n<li>T\u00edtulo secundario (original), o certificado de t\u00edtulo en tr\u00e1mite (original), o certificado de finalizaci\u00f3n de estudios (original).<\/li>\n<\/ul>\n\n\n\n<p class=\"has-black-color has-text-color has-link-color wp-elements-2e468696ede82a3629aa30c9f68dbe61\">Record\u00e1 que el tr\u00e1mite de inscripci\u00f3n es personal y que la documentaci\u00f3n original solicitada es escaneada y la devolvemos en el momento.|<\/p>\n\n\n\n<p class=\"has-black-color has-text-color has-link-color wp-elements-e77e8709b4b4af92be81d8bed26311f7\">Aranceles y m\u00e1s informaci\u00f3n&nbsp;en<mark style=\"background-color:rgba(0, 0, 0, 0)\" class=\"has-inline-color has-vivid-red-color\"><strong>&nbsp;lic.musica@fayd.unam.edu.ar<\/strong><\/mark><\/p>\n\n\n\n<p><\/p>\n","protected":false},"excerpt":{"rendered":"<p>Licenciatura en M\u00fasica CICLO DE COMPLEMENTACI\u00d3N DURACI\u00d3N: 2 a\u00f1os (920 hs. Reloj)&nbsp; BREVE DESCRIPCI\u00d3N Este ciclo permitir\u00e1 profundizar herramientas te\u00f3ricas, t\u00e9cnicas y metodol\u00f3gicas que inicien el camino para la investigaci\u00f3n &#8230;<\/p>\n","protected":false},"author":2,"featured_media":0,"parent":0,"menu_order":0,"comment_status":"closed","ping_status":"closed","template":"","meta":{"footnotes":""},"class_list":["post-1630","page","type-page","status-publish","hentry"],"_links":{"self":[{"href":"https:\/\/40.fayd.unam.edu.ar\/index.php\/wp-json\/wp\/v2\/pages\/1630","targetHints":{"allow":["GET"]}}],"collection":[{"href":"https:\/\/40.fayd.unam.edu.ar\/index.php\/wp-json\/wp\/v2\/pages"}],"about":[{"href":"https:\/\/40.fayd.unam.edu.ar\/index.php\/wp-json\/wp\/v2\/types\/page"}],"author":[{"embeddable":true,"href":"https:\/\/40.fayd.unam.edu.ar\/index.php\/wp-json\/wp\/v2\/users\/2"}],"replies":[{"embeddable":true,"href":"https:\/\/40.fayd.unam.edu.ar\/index.php\/wp-json\/wp\/v2\/comments?post=1630"}],"version-history":[{"count":5,"href":"https:\/\/40.fayd.unam.edu.ar\/index.php\/wp-json\/wp\/v2\/pages\/1630\/revisions"}],"predecessor-version":[{"id":1678,"href":"https:\/\/40.fayd.unam.edu.ar\/index.php\/wp-json\/wp\/v2\/pages\/1630\/revisions\/1678"}],"wp:attachment":[{"href":"https:\/\/40.fayd.unam.edu.ar\/index.php\/wp-json\/wp\/v2\/media?parent=1630"}],"curies":[{"name":"wp","href":"https:\/\/api.w.org\/{rel}","templated":true}]}}

Licenciatura en Música

<p class="has-vivid-red-color has-text-color has-link-color has-large-font-size wp-elements-b0afe4d53047da34da78d39ccc2a08d4" style="text-decoration:underline"><strong>Licenciatura en Música</strong></p>



<p class="has-black-color has-text-color has-link-color has-medium-font-size wp-elements-9c52f678784abac60cad5c8226660363">CICLO DE COMPLEMENTACIÓN</p>



<p class="has-black-color has-text-color has-link-color wp-elements-252c06f906f09fbbfa1bae2ee402781c"><strong>DURACIÓN</strong>: 2 años (920 hs. Reloj)&nbsp;</p>



<p class="has-black-color has-text-color has-link-color has-medium-font-size wp-elements-9df010bc9b3fbc28146096389e5daf52">BREVE DESCRIPCIÓN</p>



<p class="has-black-color has-text-color has-link-color wp-elements-e2b6481d0250988c2b108e98f633091c">Este ciclo permitirá profundizar herramientas teóricas, técnicas y metodológicas que inicien el camino para la investigación en arte, a partir de la reflexión sobre las propias producciones, la investigación musicológica y la educativa musical, posibilitando un acceso multicultural y de una gran variedad de circuitos y soportes.</p>



<p class="has-black-color has-text-color has-link-color wp-elements-779d8bf32868a1ce2610dbf4a34ffe6b">Se propone avanzar en un desarrollo intenso de herramientas analíticas que permitan acceder tanto a las producciones históricas, como a la multiplicidad de manifestaciones, desde la música contemporánea académica a las distintas expresiones de la música popular. Del mismo modo, este ciclo permitirá incursionar desde la producción musical grupal, hacia distintos repertorios que posibilitarán un conocimiento amplio desde el hacer, de diversas manifestaciones de la cultura musical actual.</p>



<p class="has-black-color has-text-color has-link-color wp-elements-3eba37227f3dabf600f3d0bd330f958f">El ciclo se completa con conocimientos de estética, semiótica y de metodología de la investigación en arte, de modo que los alumnos puedan construir su propia experiencia estética en función de un conocimiento reflexivo, amplio y actualizado.</p>



<p class="has-black-color has-text-color has-link-color has-medium-font-size wp-elements-1a8046db364cc05cc6db02ee4bceaffa">OBJETIVOS</p>



<p class="has-black-color has-text-color has-link-color wp-elements-edc0d55907135d40b81ec0eb29f29a9c">El diseño de este Ciclo de Complementación Curricular se fundamenta con los siguientes objetivos:</p>



<ul class="wp-block-list">
<li class="has-black-color has-text-color has-link-color wp-elements-0caf54e10de0166ed8255a8c786c11c5">Brindar una titulación de grado universitario a los egresados de institutos de formación docente, para un mejor desempeño profesional y para que puedan continuar, con posterioridad, estudios de posgrado.</li>



<li class="has-black-color has-text-color has-link-color wp-elements-ba9865e612d88f7881511eb8573957fc">Desarrollar una formación integral de los estudiantes en competencias musicales que promueva una resolución equilibrada con relación a producción y reflexión, teoría y práctica, técnicas y contextos culturales, tradición e innovación.</li>



<li class="has-black-color has-text-color has-link-color wp-elements-5e4bf573ad689bc0f92867cfe2f4d5b0">Contribuir a la formación profesional en el campo de la investigación artística, musicológica y la educativa musical.</li>



<li class="has-black-color has-text-color has-link-color wp-elements-80d8b97264d8ad70aa204b69ce0deb23">Proporcionar herramientas de análisis, de intervención y evaluación en el campo de la producción musical y la gestión cultural.</li>



<li class="has-black-color has-text-color has-link-color wp-elements-907a66907c0f0e996e9ba61e3df1a2b1">Interactuar con instituciones a través de convenios de cooperación para la actualización académica en el campo disciplinar y en la investigación.</li>
</ul>



<p class="has-black-color has-text-color has-link-color has-medium-font-size wp-elements-45398e9b8c6c457468ded90736fabb82">PERFIL DEL TÍTULO</p>



<p class="has-black-color has-text-color has-link-color wp-elements-7b1c17068d283447879c897a411b3938">Esta carrera prevé el ingreso de una diversidad de aspirantes con titulaciones de institutos superiores no universitarios de Profesor de Música. Esto permitirá el enriquecimiento a partir de las experiencias culturales, tanto por los diferentes contextos de formación como por las propias experiencias musicales regionales. Será importante entonces, privilegiar una mirada que encuentre esta heterogeneidad no tanto como un obstáculo sino como un beneficio que enriquezca el capital cultural de los estudiantes.</p>



<p class="has-black-color has-text-color has-link-color wp-elements-f5b91f82c3365797d5d586082c6fc2f7">La Licenciatura en Música propicia el desarrollo de competencias musicales que promuevan una resolución equilibrada con relación a producción y reflexión, teoría y práctica, técnicas y contextos culturales, tradición e innovación. Así, el futuro egresado podrá continuar su actividad sobre una base sustentada en cuatro ejes:</p>



<ol class="wp-block-list">
<li class="has-black-color has-text-color has-link-color wp-elements-58d801666ccd1a37dbbeb8892a77c06c">Conocimientos disciplinares. Aspectos teóricos y recursos de producción musical de composición, arreglo e interpretación, de música popular y académica.</li>



<li class="has-black-color has-text-color has-link-color wp-elements-e841d93273fc7d887b89010b96e29022">Conocimientos del campo de la investigación. Herramientas teóricas, técnicas y metodológicas para la investigación artística, musicológica y la educativa musical.</li>



<li class="has-black-color has-text-color has-link-color wp-elements-54e5a4386d79696a39af707f611efec0">Conocimientos de la gestión cultural y de las instituciones artísticas. Herramientas para planificar, gestionar y evaluar proyectos de promoción y difusión de la música.</li>



<li class="has-black-color has-text-color has-link-color wp-elements-4d9b5cc8cb1bcbfd15f311ca18b7d2e5">Competencias en registro y producción de sonido para la composición y edición musical y audiovisual.</li>
</ol>



<p class="has-black-color has-text-color has-link-color wp-elements-087bc2eb35787f902ca70720c4a73be4">En consecuencia, el Licenciado en Música habrá desarrollado las capacidades y/o habilidades que le permitirán:</p>



<ul class="wp-block-list">
<li class="has-black-color has-text-color has-link-color wp-elements-b862ceda86cf6a6477786548bfc0a41b">Abordar la producción y el análisis musical crítico reconociendo la interacción del contexto cultural y estético.</li>



<li class="has-black-color has-text-color has-link-color wp-elements-365d220587f9ac1a442159a628692e0a">Diseñar y ejecutar investigaciones vinculadas al campo de la música desde una perspectiva crítica y creativa.</li>



<li class="has-black-color has-text-color has-link-color wp-elements-59aab45f79759c5eefd7f5e8a1b56165">Planificar, gestionar y evaluar proyectos de promoción y difusión de la música.</li>
</ul>



<p class="has-black-color has-text-color has-link-color has-medium-font-size wp-elements-0c9ca1d90c71242a272c401f9dafab60">ALCANCES DEL TÍTULO</p>



<p class="has-black-color has-text-color has-link-color wp-elements-7b286a31e1a5419cbaf1b434c6696929">Esta carrera formará licenciados en música, capaces de:</p>



<ul class="wp-block-list">
<li class="has-black-color has-text-color has-link-color wp-elements-cb1895d94cf67b50b571512294035068">Realizar estudios e investigaciones.</li>



<li class="has-black-color has-text-color has-link-color wp-elements-32d05973fe6f4125fb32cc26ae585772">Elaborar planes educativos musicales y proyectos de producción artística.</li>



<li class="has-black-color has-text-color has-link-color wp-elements-6ec4c4e0db22fc8a203052970a6550b1">Operar sobre la realidad, introduciendo variables que la modifiquen.</li>



<li class="has-black-color has-text-color has-link-color wp-elements-51ceb1eaf202302704ee01018d2d3121">Organizar y administrar proyectos, servicios y organizaciones de promoción y acción cultural en distintas jurisdicciones.&nbsp;</li>
</ul>



<p class="has-black-color has-text-color has-link-color has-medium-font-size wp-elements-85c1d619a212d9b63bd76c13ece09efb">REQUISITOS DE ADMISIÓN</p>



<p class="has-black-color has-text-color has-link-color wp-elements-08846f6ebcb984230c785df2096409f3">El aspirante deberá completar el&nbsp;<strong><a href="https://preinscripcion.sistemas.unam.edu.ar/alumno/"><mark style="background-color:rgba(0, 0, 0, 0)" class="has-inline-color has-vivid-red-color">Formulario de Preinscripción online</mark></a>,</strong>&nbsp;y luego enviar al correo<mark style="background-color:rgba(0, 0, 0, 0)" class="has-inline-color has-vivid-red-color">&nbsp;<strong>lic.musica@fayd.unam.edu.ar</strong></mark>&nbsp;la documentación original escaneada que certifique lo siguiente:</p>



<ol class="wp-block-list">
<li class="has-black-color has-text-color has-link-color wp-elements-7a4630d7dc7e13f24d70d52ef845e31a">Poseer título terciario de&nbsp;<strong>“Profesor de Música”&nbsp;</strong>o denominaciones equivalentes, expedidas por instituciones especialmente reconocidas y otorgado en función de planes de estudios que acrediten un mínimo de&nbsp; 1700hs (Un mil setecientas horas) en ese ciclo de formación&nbsp; docente acorde con lo establecido por la Ley de Educación Superior.</li>
</ol>



<p class="has-black-color has-text-color has-link-color has-medium-font-size wp-elements-c329959f6f11dd07a2c163dee5d4f6d1">INSTRUMENTACIÓN DE LA ADMISIÓN</p>



<p class="has-black-color has-text-color has-link-color wp-elements-1932b642bbe623375ee8f9edf7269bd9">Una vez que envíes la documentación, la admisión estará a cargo del Comité Académico que se conformará a través de una Comisión Ad Hoc, la cual evaluará títulos y antecedentes y en caso de ser necesario, podrá solicitar una prueba de admisión y/o convocar a consultores externos. Se espera que en el mes de marzo, recibas el correo electrónico en el que se indica o no tu aceptación a la cohorte 2024.</p>



<p class="has-black-color has-text-color has-link-color wp-elements-4f8bdad90812e0716b35d9d5906d2ee4">Una vez admitido en la carrera deberás presentar los siguientes requisitos de ingreso:</p>



<ul class="wp-block-list has-black-color has-text-color has-link-color wp-elements-b72a95d046b51fa0681bda9aec0c8872">
<li>Formulario de Pre-Inscripción (es el pdf que descargaste al finalizar tu inscripción online)</li>



<li>1 foto 4&#215;4 tipo carnet</li>



<li>DNI (original)&nbsp;</li>



<li>Partida de nacimiento (original)</li>



<li>Título secundario (original), o certificado de título en trámite (original), o certificado de finalización de estudios (original).</li>
</ul>



<p class="has-black-color has-text-color has-link-color wp-elements-2e468696ede82a3629aa30c9f68dbe61">Recordá que el trámite de inscripción es personal y que la documentación original solicitada es escaneada y la devolvemos en el momento.|</p>



<p class="has-black-color has-text-color has-link-color wp-elements-e77e8709b4b4af92be81d8bed26311f7">Aranceles y más información&nbsp;en<mark style="background-color:rgba(0, 0, 0, 0)" class="has-inline-color has-vivid-red-color"><strong>&nbsp;lic.musica@fayd.unam.edu.ar</strong></mark></p>



<p></p>

<p>Licenciatura en Música CICLO DE COMPLEMENTACIÓN DURACIÓN: 2 años (920 hs. Reloj)&nbsp; BREVE DESCRIPCIÓN Este ciclo permitirá profundizar herramientas teóricas, técnicas y metodológicas que inicien el camino para la investigación &#8230;</p>
