{"id":1626,"date":"2025-03-17T15:16:42","date_gmt":"2025-03-17T18:16:42","guid":{"rendered":"https:\/\/40.fayd.unam.edu.ar\/?page_id=1626"},"modified":"2025-03-17T16:07:08","modified_gmt":"2025-03-17T19:07:08","slug":"licenciatura-en-artes-plasticas","status":"publish","type":"page","link":"https:\/\/40.fayd.unam.edu.ar\/index.php\/licenciatura-en-artes-plasticas\/","title":{"rendered":"Licenciatura en Artes Pl\u00e1sticas"},"content":{"rendered":"\n<p class=\"has-vivid-red-color has-text-color has-link-color has-large-font-size wp-elements-bc5ec28e602552ca077e6488264aff95\" style=\"text-decoration:underline\"><strong>Licenciatura en Artes Pl\u00e1sticas<\/strong><\/p>\n\n\n\n<p class=\"has-black-color has-text-color has-link-color has-medium-font-size wp-elements-15f72f4afb5073c1018cc3b982d622f7\">PERFIL DEL EGRESADO<\/p>\n\n\n\n<p class=\"has-black-color has-text-color has-link-color wp-elements-775608edea4c2a08c01221478f2249cf\">Profesionales con formaci\u00f3n en la investigaci\u00f3n art\u00edstica capacitados para elaborar y ejecutar planes y proyectos orientados a desarrollar acciones que promuevan el reconocimiento del valor al arte en la comunidad y al mismo tiempo capacitados para integrar equipos de trabajos interdisciplinarios.<\/p>\n\n\n\n<p class=\"has-black-color has-text-color has-link-color has-medium-font-size wp-elements-b67c89dba64a4f7164b34ba393a19581\">Perfil del T\u00edtulo<\/p>\n\n\n\n<p class=\"has-black-color has-text-color has-link-color wp-elements-5c60ab1cc0c1d0dcc784120f3cb643e0\">Esta carrera formar\u00e1 Licenciados en Artes Pl\u00e1sticas, capaces de:<\/p>\n\n\n\n<ul class=\"wp-block-list\">\n<li class=\"has-black-color has-text-color has-link-color wp-elements-cb1895d94cf67b50b571512294035068\">Realizar estudios e investigaciones.<\/li>\n\n\n\n<li class=\"has-black-color has-text-color has-link-color wp-elements-c1e513714469724dfdb64705bb793c12\">Elaborar planes y proyectos.<\/li>\n\n\n\n<li class=\"has-black-color has-text-color has-link-color wp-elements-6ec4c4e0db22fc8a203052970a6550b1\">Operar sobre la realidad, introduciendo variables que la modifiquen.<\/li>\n\n\n\n<li class=\"has-black-color has-text-color has-link-color wp-elements-89a92e9c2bf1eb9a329ad5e06478dca7\">Organizar y administrar proyectos, servicios y organizaciones de promoci\u00f3n y acci\u00f3n cultural en distintas jurisdicciones.<\/li>\n<\/ul>\n\n\n\n<p class=\"has-black-color has-text-color has-link-color has-medium-font-size wp-elements-006d18cb0cc66dcd4e7a9f63b9ee9eeb\">Alcances del T\u00edtulo<\/p>\n\n\n\n<p class=\"has-black-color has-text-color has-link-color wp-elements-757509710ba4606b3f2e42b12aa2aec4\">Se pretende desarrollar en el futuro licenciado un profesional que cuente, entre otras cosas, con:<\/p>\n\n\n\n<ul class=\"wp-block-list\">\n<li class=\"has-black-color has-text-color has-link-color wp-elements-0266ee9df8d25016a8aa0e467dbb86d0\">Habilidad cr\u00edtica y creatividad en su labor investigativa y profesional.<\/li>\n\n\n\n<li class=\"has-black-color has-text-color has-link-color wp-elements-2caf5702d3dfb8f0501bf3f981d86d1a\">Habilidad para integrar equipos de trabajo e integrar teor\u00eda y pr\u00e1ctica.<\/li>\n\n\n\n<li class=\"has-black-color has-text-color has-link-color wp-elements-76372b21f32f14bab8d89e3ae79c5a80\">Asumir conductas de educaci\u00f3n permanente.<\/li>\n\n\n\n<li class=\"has-black-color has-text-color has-link-color wp-elements-6001417a371bc1ec107606f27ec3edc0\">Habilidad para involucrarse en trabajos interdisciplinarios.<\/li>\n\n\n\n<li class=\"has-black-color has-text-color has-link-color wp-elements-cdd14d350de7687666d2911b9ef5efaf\">Desarrollar acciones que promuevan el reconocimiento del valor del arte en la comunidad.<\/li>\n\n\n\n<li class=\"has-black-color has-text-color has-link-color wp-elements-59efba6461631fe149020cbbf5e5294d\">Evidenciar competencia para planificar, gestionar y evaluar proyectos de promoci\u00f3n cultural viables y pertinentes.<\/li>\n\n\n\n<li class=\"has-black-color has-text-color has-link-color wp-elements-13adce92029e34b69343601f3c61cb95\">Evidenciar competencia para dise\u00f1ar y ejecutar investigaciones relacionadas con la producci\u00f3n pl\u00e1stica.<\/li>\n\n\n\n<li class=\"has-black-color has-text-color has-link-color wp-elements-5cc9d4913def45099b6696e5cc06c373\">Evidenciar competencia para generar modalidades creadoras con un cuestionamiento cr\u00edtico de la realidad y de los formularios art\u00edsticos y cient\u00edficos.<\/li>\n<\/ul>\n\n\n\n<p class=\"has-black-color has-text-color has-link-color has-medium-font-size wp-elements-5ce6aa41eb96699e67493bc4caf41453\">Requisitos de Ingreso<strong>\u00a0<a href=\"https:\/\/40.fayd.unam.edu.ar\/index.php\/ingresantes\/\" data-type=\"page\" data-id=\"1475\"><mark style=\"background-color:rgba(0, 0, 0, 0)\" class=\"has-inline-color has-vivid-red-color\">aqu\u00ed<\/mark><\/a><\/strong><\/p>\n\n\n\n<p><\/p>\n","protected":false},"excerpt":{"rendered":"<p>Licenciatura en Artes Pl\u00e1sticas PERFIL DEL EGRESADO Profesionales con formaci\u00f3n en la investigaci\u00f3n art\u00edstica capacitados para elaborar y ejecutar planes y proyectos orientados a desarrollar acciones que promuevan el reconocimiento &#8230;<\/p>\n","protected":false},"author":2,"featured_media":0,"parent":0,"menu_order":0,"comment_status":"closed","ping_status":"closed","template":"","meta":{"footnotes":""},"class_list":["post-1626","page","type-page","status-publish","hentry"],"_links":{"self":[{"href":"https:\/\/40.fayd.unam.edu.ar\/index.php\/wp-json\/wp\/v2\/pages\/1626","targetHints":{"allow":["GET"]}}],"collection":[{"href":"https:\/\/40.fayd.unam.edu.ar\/index.php\/wp-json\/wp\/v2\/pages"}],"about":[{"href":"https:\/\/40.fayd.unam.edu.ar\/index.php\/wp-json\/wp\/v2\/types\/page"}],"author":[{"embeddable":true,"href":"https:\/\/40.fayd.unam.edu.ar\/index.php\/wp-json\/wp\/v2\/users\/2"}],"replies":[{"embeddable":true,"href":"https:\/\/40.fayd.unam.edu.ar\/index.php\/wp-json\/wp\/v2\/comments?post=1626"}],"version-history":[{"count":5,"href":"https:\/\/40.fayd.unam.edu.ar\/index.php\/wp-json\/wp\/v2\/pages\/1626\/revisions"}],"predecessor-version":[{"id":1674,"href":"https:\/\/40.fayd.unam.edu.ar\/index.php\/wp-json\/wp\/v2\/pages\/1626\/revisions\/1674"}],"wp:attachment":[{"href":"https:\/\/40.fayd.unam.edu.ar\/index.php\/wp-json\/wp\/v2\/media?parent=1626"}],"curies":[{"name":"wp","href":"https:\/\/api.w.org\/{rel}","templated":true}]}}

Licenciatura en Artes Plásticas

<p class="has-vivid-red-color has-text-color has-link-color has-large-font-size wp-elements-bc5ec28e602552ca077e6488264aff95" style="text-decoration:underline"><strong>Licenciatura en Artes Plásticas</strong></p>



<p class="has-black-color has-text-color has-link-color has-medium-font-size wp-elements-15f72f4afb5073c1018cc3b982d622f7">PERFIL DEL EGRESADO</p>



<p class="has-black-color has-text-color has-link-color wp-elements-775608edea4c2a08c01221478f2249cf">Profesionales con formación en la investigación artística capacitados para elaborar y ejecutar planes y proyectos orientados a desarrollar acciones que promuevan el reconocimiento del valor al arte en la comunidad y al mismo tiempo capacitados para integrar equipos de trabajos interdisciplinarios.</p>



<p class="has-black-color has-text-color has-link-color has-medium-font-size wp-elements-b67c89dba64a4f7164b34ba393a19581">Perfil del Título</p>



<p class="has-black-color has-text-color has-link-color wp-elements-5c60ab1cc0c1d0dcc784120f3cb643e0">Esta carrera formará Licenciados en Artes Plásticas, capaces de:</p>



<ul class="wp-block-list">
<li class="has-black-color has-text-color has-link-color wp-elements-cb1895d94cf67b50b571512294035068">Realizar estudios e investigaciones.</li>



<li class="has-black-color has-text-color has-link-color wp-elements-c1e513714469724dfdb64705bb793c12">Elaborar planes y proyectos.</li>



<li class="has-black-color has-text-color has-link-color wp-elements-6ec4c4e0db22fc8a203052970a6550b1">Operar sobre la realidad, introduciendo variables que la modifiquen.</li>



<li class="has-black-color has-text-color has-link-color wp-elements-89a92e9c2bf1eb9a329ad5e06478dca7">Organizar y administrar proyectos, servicios y organizaciones de promoción y acción cultural en distintas jurisdicciones.</li>
</ul>



<p class="has-black-color has-text-color has-link-color has-medium-font-size wp-elements-006d18cb0cc66dcd4e7a9f63b9ee9eeb">Alcances del Título</p>



<p class="has-black-color has-text-color has-link-color wp-elements-757509710ba4606b3f2e42b12aa2aec4">Se pretende desarrollar en el futuro licenciado un profesional que cuente, entre otras cosas, con:</p>



<ul class="wp-block-list">
<li class="has-black-color has-text-color has-link-color wp-elements-0266ee9df8d25016a8aa0e467dbb86d0">Habilidad crítica y creatividad en su labor investigativa y profesional.</li>



<li class="has-black-color has-text-color has-link-color wp-elements-2caf5702d3dfb8f0501bf3f981d86d1a">Habilidad para integrar equipos de trabajo e integrar teoría y práctica.</li>



<li class="has-black-color has-text-color has-link-color wp-elements-76372b21f32f14bab8d89e3ae79c5a80">Asumir conductas de educación permanente.</li>



<li class="has-black-color has-text-color has-link-color wp-elements-6001417a371bc1ec107606f27ec3edc0">Habilidad para involucrarse en trabajos interdisciplinarios.</li>



<li class="has-black-color has-text-color has-link-color wp-elements-cdd14d350de7687666d2911b9ef5efaf">Desarrollar acciones que promuevan el reconocimiento del valor del arte en la comunidad.</li>



<li class="has-black-color has-text-color has-link-color wp-elements-59efba6461631fe149020cbbf5e5294d">Evidenciar competencia para planificar, gestionar y evaluar proyectos de promoción cultural viables y pertinentes.</li>



<li class="has-black-color has-text-color has-link-color wp-elements-13adce92029e34b69343601f3c61cb95">Evidenciar competencia para diseñar y ejecutar investigaciones relacionadas con la producción plástica.</li>



<li class="has-black-color has-text-color has-link-color wp-elements-5cc9d4913def45099b6696e5cc06c373">Evidenciar competencia para generar modalidades creadoras con un cuestionamiento crítico de la realidad y de los formularios artísticos y científicos.</li>
</ul>



<p class="has-black-color has-text-color has-link-color has-medium-font-size wp-elements-5ce6aa41eb96699e67493bc4caf41453">Requisitos de Ingreso<strong> <a href="https://40.fayd.unam.edu.ar/index.php/ingresantes/" data-type="page" data-id="1475"><mark style="background-color:rgba(0, 0, 0, 0)" class="has-inline-color has-vivid-red-color">aquí</mark></a></strong></p>



<p></p>

<p>Licenciatura en Artes Plásticas PERFIL DEL EGRESADO Profesionales con formación en la investigación artística capacitados para elaborar y ejecutar planes y proyectos orientados a desarrollar acciones que promuevan el reconocimiento &#8230;</p>
