{"id":1545,"date":"2025-03-15T10:35:40","date_gmt":"2025-03-15T13:35:40","guid":{"rendered":"https:\/\/40.fayd.unam.edu.ar\/?page_id=1545"},"modified":"2025-03-17T16:05:37","modified_gmt":"2025-03-17T19:05:37","slug":"diseno-grafico","status":"publish","type":"page","link":"https:\/\/40.fayd.unam.edu.ar\/index.php\/diseno-grafico\/","title":{"rendered":"Dise\u00f1o Gr\u00e1fico"},"content":{"rendered":"\n<p class=\"has-vivid-red-color has-text-color has-link-color has-large-font-size wp-elements-acebab26b654b5c3e500515a6545fb49\" style=\"text-decoration:underline\"><strong>Dise\u00f1o Gr\u00e1fico<\/strong><\/p>\n\n\n\n<p class=\"has-black-color has-text-color has-link-color wp-elements-b7e83dcd568b14280b1f4a16bb10b9b8\">Profesionales con formaci\u00f3n en principios visuales y comunicacionales aplicables a la elaboraci\u00f3n y reproducci\u00f3n de mensajes gr\u00e1ficos. Sus egresados est\u00e1n capacitados para desarrollar las actividades en forma independiente o integrada a equipos, agencias o empresas.<\/p>\n\n\n\n<h3 class=\"wp-block-heading\">Perfil del T\u00edtulo<\/h3>\n\n\n\n<p class=\"has-black-color has-text-color has-link-color wp-elements-8b51cadd2029712af11c66b96033ec3c\">Esta carrera formar\u00e1 Dise\u00f1adores Gr\u00e1ficos, capaces de:<\/p>\n\n\n\n<ul class=\"wp-block-list\">\n<li class=\"has-black-color has-text-color has-link-color wp-elements-ed559167819a0c69e96961f74bf4f611\">Intervenir en la elaboraci\u00f3n de diagn\u00f3sticos, asesoramiento, desarrollo o consultor\u00eda en todas aquellas actividades que requieran optimizar la calidad de la comunicaci\u00f3n visual.<\/li>\n\n\n\n<li class=\"has-black-color has-text-color has-link-color wp-elements-4f51bb6e22e4f3daf457fa3298d4fcbd\">Actuar como asesor, consultor o perito de organismos o entidades de nivel internacional, nacional, provincial y municipal, estatales y\/o privados en lo referente al punto 1.<\/li>\n\n\n\n<li class=\"has-black-color has-text-color has-link-color wp-elements-802a8abf2f8b380a6ec306ad5758f505\">Realizar arbitrajes, pericias, tasaciones, presupuestos y cualquier otra tarea profesional emergente de las actividades descriptas en el punto 1.<\/li>\n\n\n\n<li class=\"has-black-color has-text-color has-link-color wp-elements-f1c0d230e950b2bfbcfe0f643b900952\">Intervenir en la confecci\u00f3n de normas y patrones de sistemas de comunicaci\u00f3n p\u00fablica o privada.<\/li>\n<\/ul>\n\n\n\n<h3 class=\"wp-block-heading\">Alcances del T\u00edtulo<\/h3>\n\n\n\n<ul class=\"wp-block-list\">\n<li class=\"has-black-color has-text-color has-link-color wp-elements-94131cd3836712596954edc76dd0fc6b\">Lograr egresados que influyan profesionalmente en las pol\u00edticas de desarrollo regional con respecto al dise\u00f1o y que asuman su compromiso con la sociedad, comprendiendo el impacto que sus proyectos tienen sobre ella y el medio ambiente.<\/li>\n\n\n\n<li class=\"has-black-color has-text-color has-link-color wp-elements-2e163f896b97a178a69d28583f285842\">Dar eficiencia a la acci\u00f3n profesional para producir un Dise\u00f1o de comunicaci\u00f3n visual claro y efectivo, en el que se refleje la experiencia de los \u00faltimos a\u00f1os de ense\u00f1anza del Dise\u00f1o en Latinoam\u00e9rica y, en especial, de nuestro pa\u00eds.<\/li>\n\n\n\n<li class=\"has-black-color has-text-color has-link-color wp-elements-672b79bd558cd0f963b8034850518a86\">Obtener resonancia en las organizaciones sociales, gobierno, empresas, comercios, etc., para que se comprenda la importancia creciente que el Dise\u00f1o tiene en la econom\u00eda y en la acci\u00f3n social de la regi\u00f3n.<\/li>\n<\/ul>\n\n\n\n<h3 class=\"wp-block-heading\">&nbsp;<\/h3>\n\n\n\n<h3 class=\"wp-block-heading\">Requisitos de Ingreso\u00a0<a href=\"https:\/\/40.fayd.unam.edu.ar\/index.php\/ingresantes\/\" data-type=\"page\" data-id=\"1475\"><mark style=\"background-color:rgba(0, 0, 0, 0)\" class=\"has-inline-color has-vivid-red-color\">aqu\u00ed<\/mark><\/a><\/h3>\n\n\n\n<p><\/p>\n","protected":false},"excerpt":{"rendered":"<p>Dise\u00f1o Gr\u00e1fico Profesionales con formaci\u00f3n en principios visuales y comunicacionales aplicables a la elaboraci\u00f3n y reproducci\u00f3n de mensajes gr\u00e1ficos. Sus egresados est\u00e1n capacitados para desarrollar las actividades en forma independiente &#8230;<\/p>\n","protected":false},"author":2,"featured_media":0,"parent":0,"menu_order":0,"comment_status":"closed","ping_status":"closed","template":"","meta":{"footnotes":""},"class_list":["post-1545","page","type-page","status-publish","hentry"],"_links":{"self":[{"href":"https:\/\/40.fayd.unam.edu.ar\/index.php\/wp-json\/wp\/v2\/pages\/1545","targetHints":{"allow":["GET"]}}],"collection":[{"href":"https:\/\/40.fayd.unam.edu.ar\/index.php\/wp-json\/wp\/v2\/pages"}],"about":[{"href":"https:\/\/40.fayd.unam.edu.ar\/index.php\/wp-json\/wp\/v2\/types\/page"}],"author":[{"embeddable":true,"href":"https:\/\/40.fayd.unam.edu.ar\/index.php\/wp-json\/wp\/v2\/users\/2"}],"replies":[{"embeddable":true,"href":"https:\/\/40.fayd.unam.edu.ar\/index.php\/wp-json\/wp\/v2\/comments?post=1545"}],"version-history":[{"count":4,"href":"https:\/\/40.fayd.unam.edu.ar\/index.php\/wp-json\/wp\/v2\/pages\/1545\/revisions"}],"predecessor-version":[{"id":1672,"href":"https:\/\/40.fayd.unam.edu.ar\/index.php\/wp-json\/wp\/v2\/pages\/1545\/revisions\/1672"}],"wp:attachment":[{"href":"https:\/\/40.fayd.unam.edu.ar\/index.php\/wp-json\/wp\/v2\/media?parent=1545"}],"curies":[{"name":"wp","href":"https:\/\/api.w.org\/{rel}","templated":true}]}}

Diseño Gráfico

<p class="has-vivid-red-color has-text-color has-link-color has-large-font-size wp-elements-acebab26b654b5c3e500515a6545fb49" style="text-decoration:underline"><strong>Diseño Gráfico</strong></p>



<p class="has-black-color has-text-color has-link-color wp-elements-b7e83dcd568b14280b1f4a16bb10b9b8">Profesionales con formación en principios visuales y comunicacionales aplicables a la elaboración y reproducción de mensajes gráficos. Sus egresados están capacitados para desarrollar las actividades en forma independiente o integrada a equipos, agencias o empresas.</p>



<h3 class="wp-block-heading">Perfil del Título</h3>



<p class="has-black-color has-text-color has-link-color wp-elements-8b51cadd2029712af11c66b96033ec3c">Esta carrera formará Diseñadores Gráficos, capaces de:</p>



<ul class="wp-block-list">
<li class="has-black-color has-text-color has-link-color wp-elements-ed559167819a0c69e96961f74bf4f611">Intervenir en la elaboración de diagnósticos, asesoramiento, desarrollo o consultoría en todas aquellas actividades que requieran optimizar la calidad de la comunicación visual.</li>



<li class="has-black-color has-text-color has-link-color wp-elements-4f51bb6e22e4f3daf457fa3298d4fcbd">Actuar como asesor, consultor o perito de organismos o entidades de nivel internacional, nacional, provincial y municipal, estatales y/o privados en lo referente al punto 1.</li>



<li class="has-black-color has-text-color has-link-color wp-elements-802a8abf2f8b380a6ec306ad5758f505">Realizar arbitrajes, pericias, tasaciones, presupuestos y cualquier otra tarea profesional emergente de las actividades descriptas en el punto 1.</li>



<li class="has-black-color has-text-color has-link-color wp-elements-f1c0d230e950b2bfbcfe0f643b900952">Intervenir en la confección de normas y patrones de sistemas de comunicación pública o privada.</li>
</ul>



<h3 class="wp-block-heading">Alcances del Título</h3>



<ul class="wp-block-list">
<li class="has-black-color has-text-color has-link-color wp-elements-94131cd3836712596954edc76dd0fc6b">Lograr egresados que influyan profesionalmente en las políticas de desarrollo regional con respecto al diseño y que asuman su compromiso con la sociedad, comprendiendo el impacto que sus proyectos tienen sobre ella y el medio ambiente.</li>



<li class="has-black-color has-text-color has-link-color wp-elements-2e163f896b97a178a69d28583f285842">Dar eficiencia a la acción profesional para producir un Diseño de comunicación visual claro y efectivo, en el que se refleje la experiencia de los últimos años de enseñanza del Diseño en Latinoamérica y, en especial, de nuestro país.</li>



<li class="has-black-color has-text-color has-link-color wp-elements-672b79bd558cd0f963b8034850518a86">Obtener resonancia en las organizaciones sociales, gobierno, empresas, comercios, etc., para que se comprenda la importancia creciente que el Diseño tiene en la economía y en la acción social de la región.</li>
</ul>



<h3 class="wp-block-heading">&nbsp;</h3>



<h3 class="wp-block-heading">Requisitos de Ingreso <a href="https://40.fayd.unam.edu.ar/index.php/ingresantes/" data-type="page" data-id="1475"><mark style="background-color:rgba(0, 0, 0, 0)" class="has-inline-color has-vivid-red-color">aquí</mark></a></h3>



<p></p>

<p>Diseño Gráfico Profesionales con formación en principios visuales y comunicacionales aplicables a la elaboración y reproducción de mensajes gráficos. Sus egresados están capacitados para desarrollar las actividades en forma independiente &#8230;</p>
